Last updated on 2024-05-02 04:00:33 CEST.
Flavor | Version | Tinstall | Tcheck | Ttotal | Status | Flags |
---|---|---|---|---|---|---|
r-devel-linux-x86_64-debian-clang | 0.4.4 | 90.62 | 121.03 | 211.65 | NOTE | |
r-devel-linux-x86_64-debian-gcc | 0.4.4 | 76.90 | 87.79 | 164.69 | NOTE | |
r-devel-linux-x86_64-fedora-clang | 0.4.4 | 333.60 | NOTE | |||
r-devel-linux-x86_64-fedora-gcc | 0.4.4 | 326.70 | NOTE | |||
r-devel-windows-x86_64 | 0.4.4 | 89.00 | 138.00 | 227.00 | NOTE | |
r-patched-linux-x86_64 | 0.4.4 | 105.45 | 114.39 | 219.84 | NOTE | |
r-release-linux-x86_64 | 0.4.4 | 101.44 | 112.87 | 214.31 | NOTE | |
r-release-macos-arm64 | 0.4.4 | 86.00 | NOTE | |||
r-release-windows-x86_64 | 0.4.4 | 92.00 | 143.00 | 235.00 | NOTE | |
r-oldrel-macos-arm64 | 0.4.4 | 105.00 | NOTE | |||
r-oldrel-macos-x86_64 | 0.4.4 | 162.00 | NOTE | |||
r-oldrel-windows-x86_64 | 0.4.4 | 108.00 | 162.00 | 270.00 | NOTE |
Version: 0.4.4
Check: C++ specification
Result: NOTE
Specified C++11: please drop specification unless essential
Flavors: r-devel-linux-x86_64-debian-clang, r-devel-linux-x86_64-debian-gcc, r-devel-linux-x86_64-fedora-clang, r-devel-linux-x86_64-fedora-gcc, r-devel-windows-x86_64, r-patched-linux-x86_64, r-release-linux-x86_64, r-release-macos-arm64, r-release-windows-x86_64, r-oldrel-macos-arm64, r-oldrel-macos-x86_64, r-oldrel-windows-x86_64
Version: 0.4.4
Check: installed package size
Result: NOTE
installed size is 9.3Mb
sub-directories of 1Mb or more:
libs 7.6Mb
yacas 1.3Mb
Flavors: r-release-macos-arm64, r-oldrel-macos-arm64, r-oldrel-macos-x86_64