Last updated on 2024-05-02 04:00:33 CEST.
Flavor | Version | Tinstall | Tcheck | Ttotal | Status | Flags |
---|---|---|---|---|---|---|
r-devel-linux-x86_64-debian-clang | 3.1.1 | 6.03 | 361.93 | 367.96 | OK | |
r-devel-linux-x86_64-debian-gcc | 3.1.1 | 7.23 | 269.03 | 276.26 | OK | |
r-devel-linux-x86_64-fedora-clang | 3.1.1 | 453.13 | NOTE | |||
r-devel-linux-x86_64-fedora-gcc | 3.1.1 | 458.40 | NOTE | |||
r-devel-windows-x86_64 | 3.1.1 | 10.00 | 196.00 | 206.00 | OK | |
r-patched-linux-x86_64 | 3.1.1 | 10.15 | 350.58 | 360.73 | OK | |
r-release-linux-x86_64 | 3.1.1 | 5.87 | 340.30 | 346.17 | OK | |
r-release-macos-arm64 | 3.1.1 | 114.00 | OK | |||
r-release-macos-x86_64 | 3.1.1 | 346.00 | OK | |||
r-release-windows-x86_64 | 3.1.1 | 9.00 | 204.00 | 213.00 | OK | |
r-oldrel-macos-arm64 | 3.1.1 | 92.00 | OK | |||
r-oldrel-macos-x86_64 | 3.1.1 | 353.00 | OK | |||
r-oldrel-windows-x86_64 | 3.1.1 | 11.00 | 788.00 | 799.00 | OK |
Version: 3.1.1
Check: dependencies in R code
Result: NOTE
Namespaces in Imports field not imported from:
‘ROCit’ ‘corrplot’ ‘kableExtra’ ‘purrr’ ‘reshape2’
All declared Imports should be used.
Flavors: r-devel-linux-x86_64-fedora-clang, r-devel-linux-x86_64-fedora-gcc