Last updated on 2025-10-09 05:51:09 CEST.
Flavor | Version | Tinstall | Tcheck | Ttotal | Status | Flags |
---|---|---|---|---|---|---|
r-devel-linux-x86_64-debian-clang | 0.6.8 | 64.54 | 59.98 | 124.52 | OK | |
r-devel-linux-x86_64-debian-gcc | 0.6.8 | 53.18 | 45.73 | 98.91 | OK | |
r-devel-linux-x86_64-fedora-clang | 0.6.8 | 203.94 | OK | |||
r-devel-linux-x86_64-fedora-gcc | 0.6.8 | 225.94 | OK | |||
r-devel-windows-x86_64 | 0.6.8 | 63.00 | 112.00 | 175.00 | OK | |
r-patched-linux-x86_64 | 0.6.8 | 74.29 | 61.61 | 135.90 | OK | |
r-release-linux-x86_64 | 0.6.8 | 76.00 | 61.28 | 137.28 | OK | |
r-release-macos-arm64 | 0.6.8 | 65.00 | OK | |||
r-release-macos-x86_64 | 0.6.8 | 161.00 | OK | |||
r-release-windows-x86_64 | 0.6.8 | 65.00 | 115.00 | 180.00 | OK | |
r-oldrel-macos-arm64 | 0.6.8 | 65.00 | NOTE | |||
r-oldrel-macos-x86_64 | 0.6.8 | 150.00 | NOTE | |||
r-oldrel-windows-x86_64 | 0.6.8 | 77.00 | 131.00 | 208.00 | OK |
Version: 0.6.8
Check: installed package size
Result: NOTE
installed size is 38.8Mb
sub-directories of 1Mb or more:
libs 38.2Mb
Flavors: r-oldrel-macos-arm64, r-oldrel-macos-x86_64