Last updated on 2024-05-02 04:00:32 CEST.
Flavor | Version | Tinstall | Tcheck | Ttotal | Status | Flags |
---|---|---|---|---|---|---|
r-devel-linux-x86_64-debian-clang | 1.0.1 | 15.19 | 156.61 | 171.80 | OK | |
r-devel-linux-x86_64-debian-gcc | 1.0.1 | 12.90 | 114.81 | 127.71 | OK | |
r-devel-linux-x86_64-fedora-clang | 1.1.0 | 214.49 | NOTE | |||
r-devel-linux-x86_64-fedora-gcc | 1.0.1 | 210.71 | NOTE | |||
r-devel-windows-x86_64 | 1.0.1 | 14.00 | 124.00 | 138.00 | OK | |
r-patched-linux-x86_64 | 1.0.1 | 15.36 | 145.06 | 160.42 | OK | |
r-release-linux-x86_64 | 1.0.1 | 11.83 | 144.78 | 156.61 | OK | |
r-release-macos-arm64 | 1.1.0 | 71.00 | OK | |||
r-release-macos-x86_64 | 1.1.0 | 155.00 | OK | |||
r-release-windows-x86_64 | 1.0.1 | 14.00 | 128.00 | 142.00 | OK | |
r-oldrel-macos-arm64 | 1.1.0 | 75.00 | OK | |||
r-oldrel-macos-x86_64 | 1.1.0 | 150.00 | OK | |||
r-oldrel-windows-x86_64 | 1.0.1 | 19.00 | 158.00 | 177.00 | OK |
Version: 1.1.0
Check: data for non-ASCII characters
Result: NOTE
Note: found 7 marked UTF-8 strings
Flavor: r-devel-linux-x86_64-fedora-clang
Version: 1.0.1
Check: data for non-ASCII characters
Result: NOTE
Note: found 7 marked UTF-8 strings
Flavor: r-devel-linux-x86_64-fedora-gcc