Last updated on 2025-02-20 04:51:26 CET.
Flavor | Version | Tinstall | Tcheck | Ttotal | Status | Flags |
---|---|---|---|---|---|---|
r-devel-linux-x86_64-debian-clang | 2.1.4 | 886.25 | 103.00 | 989.25 | OK | |
r-devel-linux-x86_64-debian-gcc | 2.1.4 | 679.88 | 66.86 | 746.74 | OK | |
r-devel-linux-x86_64-fedora-clang | 2.1.4 | 2076.80 | OK | |||
r-devel-linux-x86_64-fedora-gcc | 2.1.4 | 2103.99 | OK | |||
r-devel-macos-arm64 | 2.1.4 | 325.00 | OK | |||
r-devel-macos-x86_64 | 2.1.4 | 347.00 | OK | |||
r-devel-windows-x86_64 | 2.1.4 | 982.00 | 11.00 | 993.00 | ERROR | |
r-patched-linux-x86_64 | 2.1.4 | 962.19 | 96.00 | 1058.19 | OK | |
r-release-linux-x86_64 | 2.1.4 | 928.03 | 94.53 | 1022.56 | OK | |
r-release-macos-arm64 | 2.1.4 | 181.00 | NOTE | |||
r-release-macos-x86_64 | 2.1.4 | 145.00 | NOTE | |||
r-release-windows-x86_64 | 2.1.4 | 1003.00 | 5.00 | 1008.00 | ERROR | |
r-oldrel-macos-arm64 | 2.1.4 | 314.00 | NOTE | |||
r-oldrel-macos-x86_64 | 2.1.4 | 343.00 | NOTE | |||
r-oldrel-windows-x86_64 | 2.1.4 | 1182.00 | 37.00 | 1219.00 | ERROR |
Version: 2.1.4
Check: whether package can be installed
Result: ERROR
Installation failed.
Flavors: r-devel-windows-x86_64, r-release-windows-x86_64, r-oldrel-windows-x86_64
Version: 2.1.4
Check: installed package size
Result: NOTE
installed size is 46.4Mb
sub-directories of 1Mb or more:
libs 45.0Mb
Flavors: r-release-macos-arm64, r-release-macos-x86_64, r-oldrel-macos-arm64, r-oldrel-macos-x86_64