Last updated on 2025-02-06 05:49:19 CET.
Flavor | Version | Tinstall | Tcheck | Ttotal | Status | Flags |
---|---|---|---|---|---|---|
r-devel-linux-x86_64-debian-clang | 0.0.1 | 4.13 | 51.38 | 55.51 | NOTE | |
r-devel-linux-x86_64-debian-gcc | 0.0.1 | 3.33 | 36.39 | 39.72 | NOTE | |
r-devel-linux-x86_64-fedora-clang | 0.0.1 | 90.71 | NOTE | |||
r-devel-linux-x86_64-fedora-gcc | 0.0.1 | 87.84 | NOTE | |||
r-devel-windows-x86_64 | 0.0.1 | 6.00 | 67.00 | 73.00 | NOTE | |
r-patched-linux-x86_64 | 0.0.1 | 4.35 | 47.27 | 51.62 | NOTE | |
r-release-linux-x86_64 | 0.0.1 | 3.98 | 47.20 | 51.18 | NOTE | |
r-release-macos-arm64 | 0.0.1 | 26.00 | NOTE | |||
r-release-macos-x86_64 | 0.0.1 | 39.00 | NOTE | |||
r-release-windows-x86_64 | 0.0.1 | 6.00 | 66.00 | 72.00 | NOTE | |
r-oldrel-macos-arm64 | 0.0.1 | 30.00 | NOTE | |||
r-oldrel-macos-x86_64 | 0.0.1 | 44.00 | NOTE | |||
r-oldrel-windows-x86_64 | 0.0.1 | 6.00 | 75.00 | 81.00 | NOTE |
Version: 0.0.1
Check: package subdirectories
Result: NOTE
Problems with news in ‘NEWS.md’:
No news entries found.
Flavors: r-devel-linux-x86_64-debian-clang, r-devel-linux-x86_64-debian-gcc, r-devel-linux-x86_64-fedora-clang, r-devel-linux-x86_64-fedora-gcc, r-devel-windows-x86_64, r-patched-linux-x86_64, r-release-linux-x86_64, r-release-macos-arm64, r-release-macos-x86_64, r-release-windows-x86_64, r-oldrel-macos-arm64, r-oldrel-macos-x86_64, r-oldrel-windows-x86_64
Version: 0.0.1
Check: dependencies in R code
Result: NOTE
Namespace in Imports field not imported from: ‘stringi’
All declared Imports should be used.
Flavors: r-devel-linux-x86_64-fedora-clang, r-devel-linux-x86_64-fedora-gcc