Last updated on 2024-05-02 04:00:31 CEST.
Flavor | Version | Tinstall | Tcheck | Ttotal | Status | Flags |
---|---|---|---|---|---|---|
r-devel-linux-x86_64-debian-clang | 5.6.2 | 5.29 | 35.72 | 41.01 | OK | |
r-devel-linux-x86_64-debian-gcc | 5.6.3 | 4.33 | 27.10 | 31.43 | OK | |
r-devel-linux-x86_64-fedora-clang | 5.6.3 | 60.67 | NOTE | |||
r-devel-linux-x86_64-fedora-gcc | 5.6.3 | 70.84 | OK | |||
r-devel-windows-x86_64 | 5.6.3 | 49.00 | 51.00 | 100.00 | NOTE | |
r-patched-linux-x86_64 | 5.6.2 | 5.35 | 34.26 | 39.61 | OK | |
r-release-linux-x86_64 | 5.6.2 | 5.06 | 33.33 | 38.39 | OK | |
r-release-macos-arm64 | 5.6.3 | 53.00 | NOTE | |||
r-release-macos-x86_64 | 5.6.3 | 115.00 | NOTE | |||
r-release-windows-x86_64 | 5.6.2 | 39.00 | 53.00 | 92.00 | NOTE | |
r-oldrel-macos-arm64 | 5.6.3 | 63.00 | NOTE | |||
r-oldrel-macos-x86_64 | 5.6.3 | 116.00 | NOTE | |||
r-oldrel-windows-x86_64 | 5.6.3 | 50.00 | 54.00 | 104.00 | NOTE |
Version: 5.6.3
Check: installed package size
Result: NOTE
installed size is 46.8Mb
sub-directories of 1Mb or more:
include 46.6Mb
Flavors: r-devel-linux-x86_64-fedora-clang, r-devel-windows-x86_64, r-release-macos-arm64, r-release-macos-x86_64, r-oldrel-macos-arm64, r-oldrel-macos-x86_64, r-oldrel-windows-x86_64
Version: 5.6.2
Check: installed package size
Result: NOTE
installed size is 46.7Mb
sub-directories of 1Mb or more:
include 46.4Mb
Flavor: r-release-windows-x86_64