Last updated on 2024-05-02 04:00:31 CEST.
Flavor | Version | Tinstall | Tcheck | Ttotal | Status | Flags |
---|---|---|---|---|---|---|
r-devel-linux-x86_64-debian-clang | 1.3.82 | 8.98 | 110.68 | 119.66 | OK | |
r-devel-linux-x86_64-debian-gcc | 1.3.82 | 6.47 | 98.50 | 104.97 | OK | |
r-devel-linux-x86_64-fedora-clang | 1.3.82 | 158.43 | NOTE | |||
r-devel-linux-x86_64-fedora-gcc | 1.3.82 | 149.53 | NOTE | |||
r-devel-windows-x86_64 | 1.3.82 | 9.00 | 105.00 | 114.00 | OK | |
r-patched-linux-x86_64 | 1.3.82 | 8.88 | 117.90 | 126.78 | OK | |
r-release-linux-x86_64 | 1.3.82 | 9.12 | 117.19 | 126.31 | OK | |
r-release-macos-arm64 | 1.3.82 | 41.00 | OK | |||
r-release-windows-x86_64 | 1.3.82 | 10.00 | 108.00 | 118.00 | OK | |
r-oldrel-macos-arm64 | 1.3.82 | 45.00 | OK | |||
r-oldrel-macos-x86_64 | 1.3.82 | 71.00 | OK | |||
r-oldrel-windows-x86_64 | 1.3.82 | 11.00 | 126.00 | 137.00 | OK |
Version: 1.3.82
Check: data for non-ASCII characters
Result: NOTE
Note: found 26334 marked UTF-8 strings
Flavors: r-devel-linux-x86_64-fedora-clang, r-devel-linux-x86_64-fedora-gcc