Last updated on 2025-02-20 04:51:25 CET.
Flavor | Version | Tinstall | Tcheck | Ttotal | Status | Flags |
---|---|---|---|---|---|---|
r-devel-linux-x86_64-debian-clang | 2.2.2 | 24.06 | 158.38 | 182.44 | NOTE | |
r-devel-linux-x86_64-debian-gcc | 2.2.2 | 18.73 | 105.05 | 123.78 | NOTE | |
r-devel-linux-x86_64-fedora-clang | 2.2.2 | 308.25 | OK | |||
r-devel-linux-x86_64-fedora-gcc | 2.2.2 | 292.57 | OK | |||
r-devel-macos-arm64 | 2.2.2 | 77.00 | OK | |||
r-devel-macos-x86_64 | 2.2.2 | 216.00 | OK | |||
r-devel-windows-x86_64 | 2.2.2 | 31.00 | 178.00 | 209.00 | NOTE | |
r-patched-linux-x86_64 | 2.2.2 | 37.46 | 145.81 | 183.27 | OK | |
r-release-linux-x86_64 | 2.2.2 | 24.67 | 144.50 | 169.17 | OK | |
r-release-macos-arm64 | 2.2.2 | 79.00 | OK | |||
r-release-macos-x86_64 | 2.2.2 | 135.00 | OK | |||
r-release-windows-x86_64 | 2.2.2 | 31.00 | 177.00 | 208.00 | OK | |
r-oldrel-macos-arm64 | 2.2.2 | 90.00 | OK | |||
r-oldrel-macos-x86_64 | 2.2.2 | 173.00 | OK | |||
r-oldrel-windows-x86_64 | 2.2.2 | 37.00 | 224.00 | 261.00 | OK |
Version: 2.2.2
Check: Rd cross-references
Result: NOTE
Found the following Rd file(s) with Rd \link{} targets missing package
anchors:
cmax.Rd: apply.yearly, apply.monthly
rvn_rvi_process_diagrammer.Rd: render_graph
rvn_write_Raven_table.Rd: write.fwf
rvn_wyear_indices.Rd: endpoints
Please provide package anchors for all Rd \link{} targets not in the
package itself and the base packages.
Flavors: r-devel-linux-x86_64-debian-clang, r-devel-linux-x86_64-debian-gcc, r-devel-windows-x86_64