Last updated on 2025-02-06 05:49:21 CET.
Flavor | Version | Tinstall | Tcheck | Ttotal | Status | Flags |
---|---|---|---|---|---|---|
r-devel-linux-x86_64-debian-clang | 1.0 | 2.40 | 22.99 | 25.39 | OK | |
r-devel-linux-x86_64-debian-gcc | 1.0 | 1.84 | 18.71 | 20.55 | OK | |
r-devel-linux-x86_64-fedora-clang | 1.0 | 40.62 | OK | |||
r-devel-linux-x86_64-fedora-gcc | 1.0 | 37.73 | OK | |||
r-devel-windows-x86_64 | 1.0 | 4.00 | 42.00 | 46.00 | OK | |
r-patched-linux-x86_64 | 1.0 | 2.36 | 21.63 | 23.99 | NOTE | |
r-release-linux-x86_64 | 1.0 | 2.02 | 21.96 | 23.98 | NOTE | |
r-release-macos-arm64 | 1.0 | 15.00 | NOTE | |||
r-release-macos-x86_64 | 1.0 | 25.00 | NOTE | |||
r-release-windows-x86_64 | 1.0 | 3.00 | 43.00 | 46.00 | NOTE | |
r-oldrel-macos-arm64 | 1.0 | 19.00 | NOTE | |||
r-oldrel-macos-x86_64 | 1.0 | 21.00 | NOTE | |||
r-oldrel-windows-x86_64 | 1.0 | 4.00 | 45.00 | 49.00 | NOTE |
Version: 1.0
Check: LazyData
Result: NOTE
'LazyData' is specified without a 'data' directory
Flavors: r-patched-linux-x86_64, r-release-linux-x86_64, r-release-macos-arm64, r-release-macos-x86_64, r-release-windows-x86_64, r-oldrel-macos-arm64, r-oldrel-macos-x86_64, r-oldrel-windows-x86_64