CRAN Package Check Results for Package RRPP

Last updated on 2024-06-15 03:49:37 CEST.

Flavor Version Tinstall Tcheck Ttotal Status Flags
r-devel-linux-x86_64-debian-clang 2.0.2 19.34 271.88 291.22 OK
r-devel-linux-x86_64-debian-gcc 2.0.2 15.40 203.55 218.95 OK
r-devel-linux-x86_64-fedora-clang 2.0.2 366.21 OK
r-devel-linux-x86_64-fedora-gcc 2.0.2 328.70 OK
r-devel-windows-x86_64 2.0.2 21.00 234.00 255.00 ERROR
r-patched-linux-x86_64 2.0.1 23.59 265.36 288.95 OK
r-release-linux-x86_64 2.0.1 16.41 261.52 277.93 OK
r-release-macos-arm64 2.0.2 109.00 OK
r-release-macos-x86_64 2.0.2 329.00 OK
r-release-windows-x86_64 2.0.2 23.00 216.00 239.00 OK
r-oldrel-macos-arm64 2.0.2 138.00 ERROR
r-oldrel-macos-x86_64 2.0.2 305.00 ERROR
r-oldrel-windows-x86_64 2.0.2 28.00 264.00 292.00 OK

Check Details

Version: 2.0.2
Check: whether package can be installed
Result: ERROR Installation failed. Flavor: r-devel-windows-x86_64

Version: 2.0.2
Check: running R code from vignettes
Result: ERROR Errors in running code in vignettes: when running code in ‘Using.RRPP.Rmd’ ... > fit.par <- lm(fit$call$f1, data = fit$LM$data) > all.equal(fit$LM$coefficients, fit.par$coefficients) [1] TRUE > summary(manova(fit.par)) When sourcing ‘Using.RRPP.R’: Error: residuals have rank 49 < 112 Execution halted ‘ANOVA.vs.MANOVA.Rmd’ using ‘UTF-8’... [19s/21s] OK ‘Using.RRPP.Rmd’ using ‘UTF-8’... failed Flavor: r-oldrel-macos-arm64

Version: 2.0.2
Check: running R code from vignettes
Result: ERROR Errors in running code in vignettes: when running code in ‘Using.RRPP.Rmd’ ... > fit.par <- lm(fit$call$f1, data = fit$LM$data) > all.equal(fit$LM$coefficients, fit.par$coefficients) [1] TRUE > summary(manova(fit.par)) When sourcing ‘Using.RRPP.R’: Error: residuals have rank 49 < 112 Execution halted ‘ANOVA.vs.MANOVA.Rmd’ using ‘UTF-8’... [28s/49s] OK ‘Using.RRPP.Rmd’ using ‘UTF-8’... failed Flavor: r-oldrel-macos-x86_64