CRAN Package Check Results for Package RQuantLib

Last updated on 2025-06-30 05:48:37 CEST.

Flavor Version Tinstall Tcheck Ttotal Status Flags
r-devel-linux-x86_64-debian-clang 0.4.26 509.57 51.64 561.21 OK
r-devel-linux-x86_64-debian-gcc 0.4.26 497.31 38.77 536.08 OK
r-devel-linux-x86_64-fedora-gcc 0.4.26 1388.34 OK
r-devel-windows-x86_64 0.4.26 828.00 123.00 951.00 OK
r-patched-linux-x86_64 OK
r-release-linux-x86_64 0.4.26 699.22 47.77 746.99 OK
r-release-macos-arm64 0.4.26 198.00 OK
r-release-macos-x86_64 0.4.26 251.00 OK
r-release-windows-x86_64 0.4.26 819.00 116.00 935.00 OK
r-oldrel-macos-arm64 0.4.26 195.00 NOTE
r-oldrel-macos-x86_64 0.4.26 286.00 NOTE
r-oldrel-windows-x86_64 0.4.26 1017.00 148.00 1165.00 NOTE

Check Details

Version: 0.4.26
Check: installed package size
Result: NOTE installed size is 103.5Mb sub-directories of 1Mb or more: libs 102.9Mb Flavors: r-oldrel-macos-arm64, r-oldrel-macos-x86_64, r-oldrel-windows-x86_64