CRAN Package Check Results for Package RMySQL

Last updated on 2024-06-14 03:57:33 CEST.

Flavor Version Tinstall Tcheck Ttotal Status Flags
r-devel-linux-x86_64-debian-clang 0.10.27 8.22 41.30 49.52 OK
r-devel-linux-x86_64-debian-gcc 0.10.27 6.48 30.12 36.60 ERROR
r-devel-linux-x86_64-fedora-clang 0.10.27 63.42 OK
r-devel-linux-x86_64-fedora-gcc 0.10.27 62.05 OK
r-devel-windows-x86_64 0.10.27 20.00 139.00 159.00 OK
r-patched-linux-x86_64 0.10.27 9.37 39.41 48.78 OK
r-release-linux-x86_64 0.10.27 7.75 40.25 48.00 OK
r-release-macos-arm64 0.10.27 30.00 OK
r-release-macos-x86_64 0.10.27 49.00 OK
r-release-windows-x86_64 0.10.27 20.00 134.00 154.00 OK
r-oldrel-macos-arm64 0.10.27 32.00 OK
r-oldrel-macos-x86_64 0.10.27 58.00 OK
r-oldrel-windows-x86_64 0.10.27 23.00 136.00 159.00 OK

Check Details

Version: 0.10.27
Check: package dependencies
Result: NOTE Package suggested but not available for checking: ‘testthat’ Flavor: r-devel-linux-x86_64-debian-gcc

Version: 0.10.27
Check: tests
Result: ERROR Running ‘testthat.R’ [0s/1s] Running the tests in ‘tests/testthat.R’ failed. Complete output: > library(testthat) Error in library(testthat) : there is no package called 'testthat' Execution halted Flavor: r-devel-linux-x86_64-debian-gcc