CRAN Package Check Results for Package RMOA

Last updated on 2025-07-03 04:51:07 CEST.

Flavor Version Tinstall Tcheck Ttotal Status Flags
r-devel-linux-x86_64-debian-clang 1.1.0 5.44 63.11 68.55 NOTE
r-devel-linux-x86_64-debian-gcc 1.1.0 3.56 45.75 49.31 NOTE
r-devel-linux-x86_64-fedora-clang 1.1.0 108.11 OK
r-devel-linux-x86_64-fedora-gcc 1.1.0 117.42 OK
r-devel-windows-x86_64 1.1.0 6.00 90.00 96.00 OK
r-patched-linux-x86_64 1.1.0 6.60 59.40 66.00 OK
r-release-linux-x86_64 1.1.0 6.05 60.66 66.71 OK
r-release-macos-arm64 1.1.0 48.00 OK
r-release-macos-x86_64 1.1.0 96.00 OK
r-release-windows-x86_64 1.1.0 6.00 91.00 97.00 OK
r-oldrel-macos-arm64 1.1.0 44.00 OK
r-oldrel-macos-x86_64 1.1.0 80.00 OK
r-oldrel-windows-x86_64 1.1.0 6.00 102.00 108.00 OK

Check Details

Version: 1.1.0
Check: CRAN incoming feasibility
Result: NOTE Maintainer: ‘Jan Wijffels <jwijffels@bnosac.be>’ Package CITATION file contains call(s) to old-style personList() or as.personList(). Please use c() on person objects instead. Package CITATION file contains call(s) to old-style citEntry(). Please use bibentry() instead. Flavors: r-devel-linux-x86_64-debian-clang, r-devel-linux-x86_64-debian-gcc