Last updated on 2024-05-02 04:00:32 CEST.
Flavor | Version | Tinstall | Tcheck | Ttotal | Status | Flags |
---|---|---|---|---|---|---|
r-devel-linux-x86_64-debian-clang | 0.1.9 | 195.13 | 53.82 | 248.95 | NOTE | |
r-devel-linux-x86_64-debian-gcc | 0.1.9 | 136.38 | 40.83 | 177.21 | NOTE | |
r-devel-linux-x86_64-fedora-clang | 0.1.9 | 372.03 | NOTE | |||
r-devel-linux-x86_64-fedora-gcc | 0.1.9 | 352.62 | NOTE | |||
r-devel-windows-x86_64 | 0.1.9 | 139.00 | 93.00 | 232.00 | NOTE | |
r-patched-linux-x86_64 | 0.1.9 | 186.60 | 52.00 | 238.60 | NOTE | |
r-release-linux-x86_64 | 0.1.9 | 180.79 | 50.06 | 230.85 | NOTE | |
r-release-macos-arm64 | 0.1.9 | 72.00 | NOTE | |||
r-release-windows-x86_64 | 0.1.9 | 146.00 | 93.00 | 239.00 | NOTE | |
r-oldrel-macos-arm64 | 0.1.9 | 83.00 | NOTE | |||
r-oldrel-macos-x86_64 | 0.1.9 | 141.00 | NOTE | |||
r-oldrel-windows-x86_64 | 0.1.9 | 174.00 | 105.00 | 279.00 | NOTE |
Version: 0.1.9
Check: C++ specification
Result: NOTE
Specified C++11: please drop specification unless essential
Flavors: r-devel-linux-x86_64-debian-clang, r-devel-linux-x86_64-debian-gcc, r-devel-linux-x86_64-fedora-clang, r-devel-linux-x86_64-fedora-gcc, r-devel-windows-x86_64, r-patched-linux-x86_64, r-release-linux-x86_64, r-release-macos-arm64, r-release-windows-x86_64, r-oldrel-macos-arm64, r-oldrel-macos-x86_64, r-oldrel-windows-x86_64