CRAN Package Check Results for Package RDStreeboot

Last updated on 2025-05-16 05:49:17 CEST.

Flavor Version Tinstall Tcheck Ttotal Status Flags
r-devel-linux-x86_64-debian-clang 1.0 1.78 21.34 23.12 NOTE
r-devel-linux-x86_64-debian-gcc 1.0 1.40 16.74 18.14 NOTE
r-devel-linux-x86_64-fedora-clang 1.0 36.35 OK
r-devel-linux-x86_64-fedora-gcc 1.0 34.83 OK
r-devel-windows-x86_64 1.0 2.00 38.00 40.00 OK
r-patched-linux-x86_64 1.0 1.89 20.55 22.44 OK
r-release-linux-x86_64 1.0 1.78 20.37 22.15 OK
r-release-macos-arm64 1.0 18.00 OK
r-release-macos-x86_64 1.0 27.00 OK
r-release-windows-x86_64 1.0 2.00 39.00 41.00 OK
r-oldrel-macos-arm64 1.0 15.00 OK
r-oldrel-macos-x86_64 1.0 26.00 OK
r-oldrel-windows-x86_64 1.0 2.00 39.00 41.00 OK

Check Details

Version: 1.0
Check: CRAN incoming feasibility
Result: NOTE Maintainer: ‘Aaron J. Baraff <ajbaraff@uw.edu>’ No Authors@R field in DESCRIPTION. Please add one, modifying Authors@R: person(given = c("Aaron", "J."), family = "Baraff", role = c("aut", "cre"), email = "ajbaraff@uw.edu") as necessary. Flavors: r-devel-linux-x86_64-debian-clang, r-devel-linux-x86_64-debian-gcc