Last updated on 2025-07-03 04:51:06 CEST.
Flavor | Version | Tinstall | Tcheck | Ttotal | Status | Flags |
---|---|---|---|---|---|---|
r-devel-linux-x86_64-debian-clang | 1.2 | 6.27 | 57.94 | 64.21 | NOTE | |
r-devel-linux-x86_64-debian-gcc | 1.2 | 4.33 | 41.32 | 45.65 | NOTE | |
r-devel-linux-x86_64-fedora-clang | 1.2 | 97.72 | OK | |||
r-devel-linux-x86_64-fedora-gcc | 1.2 | 111.99 | OK | |||
r-devel-windows-x86_64 | 1.2 | 7.00 | 69.00 | 76.00 | OK | |
r-patched-linux-x86_64 | 1.2 | 5.67 | 52.99 | 58.66 | OK | |
r-release-linux-x86_64 | 1.2 | 5.93 | 51.82 | 57.75 | OK | |
r-release-macos-arm64 | 1.2 | 41.00 | OK | |||
r-release-macos-x86_64 | 1.2 | 79.00 | OK | |||
r-release-windows-x86_64 | 1.2 | 8.00 | 69.00 | 77.00 | OK | |
r-oldrel-macos-arm64 | 1.2 | 37.00 | OK | |||
r-oldrel-macos-x86_64 | 1.2 | 55.00 | OK | |||
r-oldrel-windows-x86_64 | 1.2 | 10.00 | 87.00 | 97.00 | OK |
Version: 1.2
Check: CRAN incoming feasibility
Result: NOTE
Maintainer: ‘Isidoro Garcia-Urquieta <isidoro.gu@gmail.com>’
The Description field contains
<arXiv:1607.00698>.
Please refer to arXiv e-prints via their arXiv DOI <doi:10.48550/arXiv.YYMM.NNNNN>.
Flavors: r-devel-linux-x86_64-debian-clang, r-devel-linux-x86_64-debian-gcc