Last updated on 2024-07-27 03:49:38 CEST.
Flavor | Version | Tinstall | Tcheck | Ttotal | Status | Flags |
---|---|---|---|---|---|---|
r-devel-linux-x86_64-debian-clang | 0.0.9 | 4.20 | 21.65 | 25.85 | OK | |
r-devel-linux-x86_64-debian-gcc | 0.0.9 | 3.55 | 16.75 | 20.30 | OK | |
r-devel-linux-x86_64-fedora-clang | 0.0.9 | 33.05 | OK | |||
r-devel-linux-x86_64-fedora-gcc | 0.0.9 | 33.98 | OK | |||
r-patched-linux-x86_64 | 0.0.9 | OK | ||||
r-release-linux-x86_64 | 0.0.9 | 3.88 | 20.64 | 24.52 | OK | |
r-release-macos-arm64 | 0.0.9 | 16.00 | OK | |||
r-release-macos-x86_64 | 0.0.9 | 22.00 | OK | |||
r-release-windows-x86_64 | 0.0.8 | 8.00 | 39.00 | 47.00 | NOTE | |
r-oldrel-macos-arm64 | 0.0.9 | 20.00 | OK | |||
r-oldrel-macos-x86_64 | 0.0.9 | 31.00 | OK | |||
r-oldrel-windows-x86_64 | 0.0.8 | 8.00 | 40.00 | 48.00 | OK |
Version: 0.0.8
Check: Rd contents
Result: NOTE
Auto-generated content requiring editing in Rd file 'RApiDatetime-package.Rd':
\references: 'This optional section can contain literature or other refere...'
\seealso: 'Optional links to other man pages'
\examples: '# Optional simple examples of the most important functions'
Flavor: r-release-windows-x86_64