CRAN Package Check Results for Package PracticalEquiDesign

Last updated on 2025-01-23 03:50:43 CET.

Flavor Version Tinstall Tcheck Ttotal Status Flags
r-devel-linux-x86_64-debian-clang 0.0.3 1.47 25.52 26.99 OK
r-devel-linux-x86_64-debian-gcc 0.0.3 1.35 19.18 20.53 OK
r-devel-linux-x86_64-fedora-clang 0.0.3 45.42 NOTE
r-devel-linux-x86_64-fedora-gcc 0.0.3 55.06 NOTE
r-devel-windows-x86_64 0.0.3 4.00 48.00 52.00 OK
r-patched-linux-x86_64 0.0.3 2.10 24.00 26.10 OK
r-release-linux-x86_64 0.0.3 1.78 24.13 25.91 OK
r-release-macos-arm64 0.0.3 25.00 OK
r-release-macos-x86_64 0.0.3 33.00 OK
r-release-windows-x86_64 0.0.3 3.00 71.00 74.00 OK
r-oldrel-macos-arm64 0.0.3 26.00 OK
r-oldrel-macos-x86_64 0.0.3 36.00 OK
r-oldrel-windows-x86_64 0.0.3 4.00 47.00 51.00 OK

Check Details

Version: 0.0.3
Check: dependencies in R code
Result: NOTE Namespaces in Imports field not imported from: ‘dplyr’ ‘methods’ ‘numDeriv’ ‘tidyr’ All declared Imports should be used. Flavors: r-devel-linux-x86_64-fedora-clang, r-devel-linux-x86_64-fedora-gcc