Last updated on 2025-06-30 05:48:34 CEST.
Flavor | Version | Tinstall | Tcheck | Ttotal | Status | Flags |
---|---|---|---|---|---|---|
r-devel-linux-x86_64-debian-clang | 2.1.0 | 17.46 | 282.15 | 299.61 | NOTE | |
r-devel-linux-x86_64-debian-gcc | 2.1.0 | 13.76 | 178.33 | 192.09 | NOTE | |
r-devel-linux-x86_64-fedora-clang | 2.1.0 | 525.58 | OK | |||
r-devel-linux-x86_64-fedora-gcc | 2.1.0 | 738.36 | OK | |||
r-devel-windows-x86_64 | 2.1.0 | 26.00 | 166.00 | 192.00 | OK | --no-vignettes |
r-patched-linux-x86_64 | NOTE | |||||
r-release-linux-x86_64 | 2.1.0 | 22.75 | 262.47 | 285.22 | NOTE | |
r-release-macos-arm64 | 2.1.0 | 222.00 | OK | |||
r-release-macos-x86_64 | 2.1.0 | 470.00 | OK | |||
r-release-windows-x86_64 | 2.1.0 | 27.00 | 185.00 | 212.00 | OK | --no-vignettes |
r-oldrel-macos-arm64 | 2.1.0 | 166.00 | OK | |||
r-oldrel-macos-x86_64 | 2.1.0 | 413.00 | OK | |||
r-oldrel-windows-x86_64 | 2.1.0 | 36.00 | 186.00 | 222.00 | OK | --no-vignettes |
Version: 2.1.0
Check: for unstated dependencies in ‘demo’
Result: NOTE
'::' or ':::' import not declared from: ‘RPESE’
'library' or 'require' calls not declared from:
‘TTR’ ‘doMC’
Flavors: r-devel-linux-x86_64-debian-clang, r-devel-linux-x86_64-debian-gcc, r-patched-linux-x86_64, r-release-linux-x86_64