Last updated on 2024-05-02 04:00:29 CEST.
Flavor | Version | Tinstall | Tcheck | Ttotal | Status | Flags |
---|---|---|---|---|---|---|
r-devel-linux-x86_64-debian-clang | 1.2.1 | 4.00 | 39.49 | 43.49 | NOTE | |
r-devel-linux-x86_64-debian-gcc | 1.2.1 | 3.76 | 29.47 | 33.23 | NOTE | |
r-devel-linux-x86_64-fedora-clang | 1.2.1 | 56.54 | NOTE | |||
r-devel-linux-x86_64-fedora-gcc | 1.2.1 | 51.78 | NOTE | |||
r-devel-windows-x86_64 | 1.2.1 | 5.00 | 47.00 | 52.00 | NOTE | |
r-patched-linux-x86_64 | 1.2.1 | 2.80 | 38.16 | 40.96 | NOTE | |
r-release-linux-x86_64 | 1.2.1 | 3.01 | 37.11 | 40.12 | NOTE | |
r-release-macos-arm64 | 1.2.1 | 20.00 | NOTE | |||
r-release-windows-x86_64 | 1.2.1 | 4.00 | 48.00 | 52.00 | NOTE | |
r-oldrel-macos-arm64 | 1.2.1 | 23.00 | NOTE | |||
r-oldrel-macos-x86_64 | 1.2.1 | 31.00 | NOTE | |||
r-oldrel-windows-x86_64 | 1.2.1 | 7.00 | 53.00 | 60.00 | NOTE |
Version: 1.2.1
Check: LazyData
Result: NOTE
'LazyData' is specified without a 'data' directory
Flavors: r-devel-linux-x86_64-debian-clang, r-devel-linux-x86_64-debian-gcc, r-devel-linux-x86_64-fedora-clang, r-devel-linux-x86_64-fedora-gcc, r-devel-windows-x86_64, r-patched-linux-x86_64, r-release-linux-x86_64, r-release-macos-arm64, r-release-windows-x86_64, r-oldrel-macos-arm64, r-oldrel-macos-x86_64, r-oldrel-windows-x86_64