Last updated on 2025-07-04 05:49:29 CEST.
Flavor | Version | Tinstall | Tcheck | Ttotal | Status | Flags |
---|---|---|---|---|---|---|
r-devel-linux-x86_64-debian-clang | 0.1 | 15.38 | 133.56 | 148.94 | OK | |
r-devel-linux-x86_64-debian-gcc | 0.1 | 11.10 | 94.04 | 105.14 | OK | |
r-devel-linux-x86_64-fedora-clang | 0.1 | 245.59 | NOTE | |||
r-devel-linux-x86_64-fedora-gcc | 0.1 | 234.40 | NOTE | |||
r-devel-windows-x86_64 | 0.1 | 16.00 | 127.00 | 143.00 | OK | |
r-patched-linux-x86_64 | 0.1 | 13.62 | 124.27 | 137.89 | OK | |
r-release-linux-x86_64 | 0.1 | 13.11 | 123.54 | 136.65 | OK | |
r-release-macos-arm64 | 0.1 | 129.00 | OK | |||
r-release-macos-x86_64 | 0.1 | 132.00 | OK | |||
r-release-windows-x86_64 | 0.1 | 16.00 | 132.00 | 148.00 | OK | |
r-oldrel-macos-arm64 | 0.1 | 65.00 | OK | |||
r-oldrel-macos-x86_64 | 0.1 | 89.00 | OK | |||
r-oldrel-windows-x86_64 | 0.1 | 21.00 | 168.00 | 189.00 | OK |
Version: 0.1
Check: dependencies in R code
Result: NOTE
Namespaces in Imports field not imported from:
‘ComplexHeatmap’ ‘mathjaxr’
All declared Imports should be used.
Flavors: r-devel-linux-x86_64-fedora-clang, r-devel-linux-x86_64-fedora-gcc