Last updated on 2024-07-27 03:49:36 CEST.
Flavor | Version | Tinstall | Tcheck | Ttotal | Status | Flags |
---|---|---|---|---|---|---|
r-devel-linux-x86_64-debian-clang | 0.1.0 | 3.04 | 29.94 | 32.98 | NOTE | |
r-devel-linux-x86_64-debian-gcc | 0.1.0 | 2.71 | 22.70 | 25.41 | NOTE | |
r-devel-linux-x86_64-fedora-clang | 0.1.0 | 43.39 | NOTE | |||
r-devel-linux-x86_64-fedora-gcc | 0.1.0 | 44.86 | NOTE | |||
r-devel-windows-x86_64 | 0.1.0 | 4.00 | 45.00 | 49.00 | NOTE | |
r-patched-linux-x86_64 | 0.1.0 | NOTE | ||||
r-release-linux-x86_64 | 0.1.0 | 2.94 | 28.13 | 31.07 | NOTE | |
r-release-macos-arm64 | 0.1.0 | 18.00 | NOTE | |||
r-release-macos-x86_64 | 0.1.0 | 23.00 | NOTE | |||
r-release-windows-x86_64 | 0.1.0 | 5.00 | 58.00 | 63.00 | NOTE | |
r-oldrel-macos-arm64 | 0.1.0 | 18.00 | OK | |||
r-oldrel-macos-x86_64 | 0.1.0 | 26.00 | OK | |||
r-oldrel-windows-x86_64 | 0.1.0 | 4.00 | 47.00 | 51.00 | OK |
Version: 0.1.0
Check: Rd files
Result: NOTE
checkRd: (-1) MICS2014HH.Rd:214: Lost braces in \enumerate; meant \describe ?
checkRd: (-1) MICS2014HH.Rd:215: Lost braces in \enumerate; meant \describe ?
Flavors: r-devel-linux-x86_64-debian-clang, r-devel-linux-x86_64-debian-gcc, r-devel-linux-x86_64-fedora-clang, r-devel-linux-x86_64-fedora-gcc, r-devel-windows-x86_64, r-patched-linux-x86_64, r-release-linux-x86_64, r-release-macos-arm64, r-release-macos-x86_64, r-release-windows-x86_64
Version: 0.1.0
Check: dependencies in R code
Result: NOTE
Namespace in Imports field not imported from: ‘stats’
All declared Imports should be used.
Flavors: r-devel-linux-x86_64-fedora-clang, r-devel-linux-x86_64-fedora-gcc