Last updated on 2024-07-27 03:49:38 CEST.
Flavor | Version | Tinstall | Tcheck | Ttotal | Status | Flags |
---|---|---|---|---|---|---|
r-devel-linux-x86_64-debian-clang | 0.1.0 | 0.87 | 1.91 | 2.78 | ERROR | |
r-devel-linux-x86_64-debian-gcc | 0.1.0 | 4.89 | 16.80 | 21.69 | OK | |
r-devel-linux-x86_64-fedora-clang | 0.1.0 | 3.18 | ERROR | |||
r-devel-linux-x86_64-fedora-gcc | 0.1.0 | 37.54 | OK | |||
r-devel-windows-x86_64 | 0.1.0 | 8.00 | 42.00 | 50.00 | OK | |
r-patched-linux-x86_64 | 0.1.0 | OK | ||||
r-release-linux-x86_64 | 0.1.0 | 6.13 | 20.45 | 26.58 | OK | |
r-release-macos-arm64 | 0.1.0 | 19.00 | OK | |||
r-release-macos-x86_64 | 0.1.0 | 36.00 | OK | |||
r-release-windows-x86_64 | 0.1.0 | 7.00 | 40.00 | 47.00 | OK | |
r-oldrel-macos-arm64 | 0.1.0 | 22.00 | OK | |||
r-oldrel-macos-x86_64 | 0.1.0 | 40.00 | OK | |||
r-oldrel-windows-x86_64 | 0.1.0 | 11.00 | 40.00 | 51.00 | OK |
Version: 0.1.0
Check: whether package can be installed
Result: ERROR
Installation failed.
Flavors: r-devel-linux-x86_64-debian-clang, r-devel-linux-x86_64-fedora-clang