CRAN Package Check Results for Package PLNmodels

Last updated on 2025-07-04 05:49:30 CEST.

Flavor Version Tinstall Tcheck Ttotal Status Flags
r-devel-linux-x86_64-debian-clang 1.2.2 169.72 11.32 181.04 ERROR
r-devel-linux-x86_64-debian-gcc 1.2.2 119.79 8.53 128.32 ERROR
r-devel-linux-x86_64-fedora-clang 1.2.2 1546.62 OK
r-devel-linux-x86_64-fedora-gcc 1.2.2 1447.94 OK
r-devel-windows-x86_64 1.2.2 184.00 680.00 864.00 OK
r-patched-linux-x86_64 1.2.2 183.12 9.26 192.38 ERROR
r-release-linux-x86_64 1.2.2 173.76 8.88 182.64 ERROR
r-release-macos-arm64 1.2.2 274.00 OK
r-release-macos-x86_64 1.2.2 385.00 OK
r-release-windows-x86_64 1.2.2 190.00 651.00 841.00 OK
r-oldrel-macos-arm64 1.2.2 238.00 NOTE
r-oldrel-macos-x86_64 1.2.2 353.00 NOTE
r-oldrel-windows-x86_64 1.2.2 232.00 885.00 1117.00 NOTE

Check Details

Version: 1.2.2
Check: whether the package can be loaded
Result: ERROR Loading this package had a fatal error status code 1 Loading log: Error: package or namespace load failed for ‘PLNmodels’: .onLoad failed in loadNamespace() for 'torch', details: call: inst_path() error: torch cannot write into '/home/hornik/tmp/R.check/r-devel-clang/Work/build/Packages/torch/'. Execution halted Flavor: r-devel-linux-x86_64-debian-clang

Version: 1.2.2
Check: whether the package can be loaded
Result: ERROR Loading this package had a fatal error status code 1 Loading log: Error: package or namespace load failed for ‘PLNmodels’: .onLoad failed in loadNamespace() for 'torch', details: call: inst_path() error: torch cannot write into '/home/hornik/tmp/R.check/r-devel-gcc/Work/build/Packages/torch/'. Execution halted Flavor: r-devel-linux-x86_64-debian-gcc

Version: 1.2.2
Check: whether the package can be loaded
Result: ERROR Loading this package had a fatal error status code 1 Loading log: Error: package or namespace load failed for ‘PLNmodels’: .onLoad failed in loadNamespace() for 'torch', details: call: inst_path() error: torch cannot write into '/home/hornik/tmp/R.check/r-patched-gcc/Work/build/Packages/torch/'. Execution halted Flavor: r-patched-linux-x86_64

Version: 1.2.2
Check: whether the package can be loaded
Result: ERROR Loading this package had a fatal error status code 1 Loading log: Error: package or namespace load failed for ‘PLNmodels’: .onLoad failed in loadNamespace() for 'torch', details: call: inst_path() error: torch cannot write into '/home/hornik/tmp/R.check/r-release-gcc/Work/build/Packages/torch/'. Execution halted Flavor: r-release-linux-x86_64

Version: 1.2.2
Check: installed package size
Result: NOTE installed size is 18.5Mb sub-directories of 1Mb or more: data 1.4Mb doc 2.4Mb libs 12.9Mb Flavors: r-oldrel-macos-arm64, r-oldrel-macos-x86_64, r-oldrel-windows-x86_64