CRAN Package Check Results for Package PCS

Last updated on 2025-07-03 04:51:04 CEST.

Flavor Version Tinstall Tcheck Ttotal Status Flags
r-devel-linux-x86_64-debian-clang 1.3 9.49 71.71 81.20 NOTE
r-devel-linux-x86_64-debian-gcc 1.3 6.74 53.79 60.53 NOTE
r-devel-linux-x86_64-fedora-clang 1.3 134.56 OK
r-devel-linux-x86_64-fedora-gcc 1.3 119.46 OK
r-devel-windows-x86_64 1.3 8.00 81.00 89.00 OK
r-patched-linux-x86_64 1.3 8.49 68.72 77.21 OK
r-release-linux-x86_64 1.3 8.29 68.13 76.42 OK
r-release-macos-arm64 1.3 35.00 OK
r-release-macos-x86_64 1.3 70.00 OK
r-release-windows-x86_64 1.3 9.00 82.00 91.00 OK
r-oldrel-macos-arm64 1.3 32.00 OK
r-oldrel-macos-x86_64 1.3 48.00 OK
r-oldrel-windows-x86_64 1.3 11.00 92.00 103.00 OK

Check Details

Version: 1.3
Check: CRAN incoming feasibility
Result: NOTE Maintainer: ‘Jason Wilson <jason.wilson@biola.edu>’ No Authors@R field in DESCRIPTION. Please add one, modifying Authors@R: person(given = "Jason", family = "Wilson", role = c("aut", "cre"), email = "jason.wilson@biola.edu") as necessary. Flavors: r-devel-linux-x86_64-debian-clang, r-devel-linux-x86_64-debian-gcc