Last updated on 2024-05-02 04:00:29 CEST.
Flavor | Version | Tinstall | Tcheck | Ttotal | Status | Flags |
---|---|---|---|---|---|---|
r-devel-linux-x86_64-debian-clang | 0.8.0 | 6.19 | 60.83 | 67.02 | NOTE | |
r-devel-linux-x86_64-debian-gcc | 0.8.0 | 4.49 | 44.99 | 49.48 | NOTE | |
r-devel-linux-x86_64-fedora-clang | 0.8.0 | 84.54 | NOTE | |||
r-devel-linux-x86_64-fedora-gcc | 0.8.0 | 78.63 | NOTE | |||
r-devel-windows-x86_64 | 0.8.0 | 7.00 | 61.00 | 68.00 | NOTE | |
r-patched-linux-x86_64 | 0.8.0 | 6.49 | 57.90 | 64.39 | NOTE | |
r-release-linux-x86_64 | 0.8.0 | 5.33 | 56.15 | 61.48 | NOTE | |
r-release-macos-arm64 | 0.8.0 | 26.00 | NOTE | |||
r-release-windows-x86_64 | 0.8.0 | 7.00 | 63.00 | 70.00 | NOTE | |
r-oldrel-macos-arm64 | 0.8.0 | 28.00 | NOTE | |||
r-oldrel-macos-x86_64 | 0.8.0 | 41.00 | NOTE | |||
r-oldrel-windows-x86_64 | 0.8.0 | 8.00 | 71.00 | 79.00 | NOTE |
Version: 0.8.0
Check: LazyData
Result: NOTE
'LazyData' is specified without a 'data' directory
Flavors: r-devel-linux-x86_64-debian-clang, r-devel-linux-x86_64-debian-gcc, r-devel-linux-x86_64-fedora-clang, r-devel-linux-x86_64-fedora-gcc, r-devel-windows-x86_64, r-patched-linux-x86_64, r-release-linux-x86_64, r-release-macos-arm64, r-release-windows-x86_64, r-oldrel-macos-arm64, r-oldrel-macos-x86_64, r-oldrel-windows-x86_64
Version: 0.8.0
Check: dependencies in R code
Result: NOTE
Namespaces in Imports field not imported from:
‘Matrix’ ‘pander’
All declared Imports should be used.
Flavors: r-devel-linux-x86_64-fedora-clang, r-devel-linux-x86_64-fedora-gcc
Version: 0.8.0
Check: Rd cross-references
Result: NOTE
Undeclared packages ‘tibble’, ‘data.table’ in Rd xrefs
Flavor: r-devel-linux-x86_64-fedora-clang