CRAN Package Check Results for Package OptSig

Last updated on 2025-07-03 04:51:04 CEST.

Flavor Version Tinstall Tcheck Ttotal Status Flags
r-devel-linux-x86_64-debian-clang 2.2 2.66 38.25 40.91 NOTE
r-devel-linux-x86_64-debian-gcc 2.2 1.85 27.85 29.70 NOTE
r-devel-linux-x86_64-fedora-clang 2.2 68.02 OK
r-devel-linux-x86_64-fedora-gcc 2.2 63.92 OK
r-devel-windows-x86_64 2.2 4.00 67.00 71.00 OK
r-patched-linux-x86_64 2.2 2.72 35.27 37.99 OK
r-release-linux-x86_64 2.2 2.34 35.41 37.75 OK
r-release-macos-arm64 2.2 22.00 OK
r-release-macos-x86_64 2.2 39.00 OK
r-release-windows-x86_64 2.2 4.00 67.00 71.00 OK
r-oldrel-macos-arm64 2.2 23.00 OK
r-oldrel-macos-x86_64 2.2 33.00 OK
r-oldrel-windows-x86_64 2.2 3.00 75.00 78.00 OK

Check Details

Version: 2.2
Check: CRAN incoming feasibility
Result: NOTE Maintainer: ‘Jae H. Kim <jaekim8080@gmail.com>’ No Authors@R field in DESCRIPTION. Please add one, modifying Authors@R: person(given = c("Jae", "H."), family = "Kim", role = c("aut", "cre"), email = "jaekim8080@gmail.com") as necessary. Flavors: r-devel-linux-x86_64-debian-clang, r-devel-linux-x86_64-debian-gcc