Last updated on 2025-07-03 04:51:04 CEST.
Flavor | Version | Tinstall | Tcheck | Ttotal | Status | Flags |
---|---|---|---|---|---|---|
r-devel-linux-x86_64-debian-clang | 2.22.7 | 1242.28 | 402.10 | 1644.38 | OK | |
r-devel-linux-x86_64-debian-gcc | 2.22.7 | 994.35 | 383.63 | 1377.98 | OK | |
r-devel-linux-x86_64-fedora-clang | 2.22.7 | 2799.96 | OK | |||
r-devel-linux-x86_64-fedora-gcc | 2.22.7 | 3176.55 | OK | |||
r-devel-windows-x86_64 | 2.22.7 | 1220.00 | 668.00 | 1888.00 | OK | |
r-patched-linux-x86_64 | 2.22.7 | 1378.71 | 527.49 | 1906.20 | OK | |
r-release-linux-x86_64 | 2.22.7 | 1342.37 | 524.57 | 1866.94 | OK | |
r-release-macos-arm64 | 2.22.7 | 443.00 | OK | |||
r-release-macos-x86_64 | 2.22.7 | 959.00 | OK | |||
r-release-windows-x86_64 | 2.22.7 | 1256.00 | 558.00 | 1814.00 | OK | |
r-oldrel-macos-arm64 | 2.22.6 | 171.00 | ERROR | |||
r-oldrel-macos-x86_64 | 2.22.6 | 143.00 | ERROR | |||
r-oldrel-windows-x86_64 | 2.21.13 | 1421.00 | 673.00 | 2094.00 | NOTE |
Version: 2.22.6
Check: whether package can be installed
Result: ERROR
Installation failed.
Flavors: r-oldrel-macos-arm64, r-oldrel-macos-x86_64
Version: 2.21.13
Check: installed package size
Result: NOTE
installed size is 16.4Mb
sub-directories of 1Mb or more:
R 2.6Mb
data 1.4Mb
libs 5.1Mb
models 4.8Mb
Flavor: r-oldrel-windows-x86_64
Version: 2.21.13
Check: for GNU extensions in Makefiles
Result: NOTE
GNU make is a SystemRequirements.
Flavor: r-oldrel-windows-x86_64