CRAN Package Check Results for Package NMTox

Last updated on 2025-05-16 05:49:14 CEST.

Flavor Version Tinstall Tcheck Ttotal Status Flags
r-devel-linux-x86_64-debian-clang 0.1.0 8.86 58.33 67.19 NOTE
r-devel-linux-x86_64-debian-gcc 0.1.0 5.41 39.15 44.56 NOTE
r-devel-linux-x86_64-fedora-clang 0.1.0 103.90 NOTE
r-devel-linux-x86_64-fedora-gcc 0.1.0 98.10 NOTE
r-devel-windows-x86_64 0.1.0 11.00 74.00 85.00 NOTE
r-patched-linux-x86_64 0.1.0 8.66 53.37 62.03 NOTE
r-release-linux-x86_64 0.1.0 8.26 53.62 61.88 NOTE
r-release-macos-arm64 0.1.0 31.00 NOTE
r-release-macos-x86_64 0.1.0 56.00 NOTE
r-release-windows-x86_64 0.1.0 12.00 74.00 86.00 NOTE
r-oldrel-macos-arm64 0.1.0 34.00 NOTE
r-oldrel-macos-x86_64 0.1.0 46.00 NOTE
r-oldrel-windows-x86_64 0.1.0 13.00 91.00 104.00 NOTE

Check Details

Version: 0.1.0
Check: Rd files
Result: NOTE checkRd: (-1) geninvitro.Rd:10: Lost braces in \itemize; meant \describe ? checkRd: (-1) geninvitro.Rd:11: Lost braces in \itemize; meant \describe ? checkRd: (-1) geninvitro.Rd:12: Lost braces in \itemize; meant \describe ? checkRd: (-1) geninvitro.Rd:13: Lost braces in \itemize; meant \describe ? checkRd: (-1) geninvitro.Rd:14: Lost braces in \itemize; meant \describe ? checkRd: (-1) geninvitro.Rd:15: Lost braces in \itemize; meant \describe ? checkRd: (-1) geninvitro.Rd:16: Lost braces in \itemize; meant \describe ? checkRd: (-1) geninvitro.Rd:17: Lost braces in \itemize; meant \describe ? checkRd: (-1) geninvitro.Rd:18: Lost braces in \itemize; meant \describe ? checkRd: (-1) geninvitro.Rd:19: Lost braces in \itemize; meant \describe ? checkRd: (-1) geninvitro.Rd:20: Lost braces in \itemize; meant \describe ? checkRd: (-1) geninvitro.Rd:21: Lost braces in \itemize; meant \describe ? checkRd: (-1) geninvitro.Rd:22: Lost braces in \itemize; meant \describe ? checkRd: (-1) geninvitro.Rd:23-24: Lost braces in \itemize; meant \describe ? checkRd: (-1) geninvitro.Rd:25: Lost braces in \itemize; meant \describe ? checkRd: (-1) geninvitro.Rd:26-27: Lost braces in \itemize; meant \describe ? checkRd: (-1) geninvitro.Rd:28-29: Lost braces in \itemize; meant \describe ? checkRd: (-1) nm400.Rd:10: Lost braces in \itemize; meant \describe ? checkRd: (-1) nm400.Rd:11: Lost braces in \itemize; meant \describe ? checkRd: (-1) nm400.Rd:12: Lost braces in \itemize; meant \describe ? checkRd: (-1) nm400.Rd:13: Lost braces in \itemize; meant \describe ? checkRd: (-1) nm400.Rd:14: Lost braces in \itemize; meant \describe ? checkRd: (-1) nm400.Rd:15: Lost braces in \itemize; meant \describe ? checkRd: (-1) nm400.Rd:16: Lost braces in \itemize; meant \describe ? checkRd: (-1) nm400.Rd:17: Lost braces in \itemize; meant \describe ? checkRd: (-1) nm400.Rd:18: Lost braces in \itemize; meant \describe ? checkRd: (-1) nm400.Rd:19: Lost braces in \itemize; meant \describe ? checkRd: (-1) nm400.Rd:20: Lost braces in \itemize; meant \describe ? checkRd: (-1) nm400.Rd:21: Lost braces in \itemize; meant \describe ? checkRd: (-1) nm400.Rd:22: Lost braces in \itemize; meant \describe ? checkRd: (-1) nm400.Rd:23-24: Lost braces in \itemize; meant \describe ? checkRd: (-1) nm400.Rd:25: Lost braces in \itemize; meant \describe ? checkRd: (-1) nm400.Rd:26-27: Lost braces in \itemize; meant \describe ? checkRd: (-1) nm400.Rd:28-29: Lost braces in \itemize; meant \describe ? Flavors: r-devel-linux-x86_64-debian-clang, r-devel-linux-x86_64-debian-gcc, r-devel-linux-x86_64-fedora-clang, r-devel-linux-x86_64-fedora-gcc, r-devel-windows-x86_64, r-patched-linux-x86_64, r-release-linux-x86_64, r-release-macos-arm64, r-release-macos-x86_64, r-release-windows-x86_64, r-oldrel-macos-arm64, r-oldrel-macos-x86_64, r-oldrel-windows-x86_64