CRAN Package Check Results for Package NDP

Last updated on 2025-05-16 05:49:13 CEST.

Flavor Version Tinstall Tcheck Ttotal Status Flags
r-devel-linux-x86_64-debian-clang 0.1.0 1.57 16.19 17.76 NOTE
r-devel-linux-x86_64-debian-gcc 0.1.0 1.33 13.56 14.89 NOTE
r-devel-linux-x86_64-fedora-clang 0.1.0 27.74 NOTE
r-devel-linux-x86_64-fedora-gcc 0.1.0 26.54 NOTE
r-devel-windows-x86_64 0.1.0 4.00 37.00 41.00 OK
r-patched-linux-x86_64 0.1.0 1.72 15.35 17.07 OK
r-release-linux-x86_64 0.1.0 1.71 15.41 17.12 OK
r-release-macos-arm64 0.1.0 16.00 OK
r-release-macos-x86_64 0.1.0 23.00 OK
r-release-windows-x86_64 0.1.0 3.00 37.00 40.00 OK
r-oldrel-macos-arm64 0.1.0 16.00 NOTE
r-oldrel-macos-x86_64 0.1.0 19.00 NOTE
r-oldrel-windows-x86_64 0.1.0 4.00 41.00 45.00 NOTE

Check Details

Version: 0.1.0
Check: CRAN incoming feasibility
Result: NOTE Maintainer: ‘Kartikeya Bolar <kartikeya.bolar@tapmi.edu.in>’ No Authors@R field in DESCRIPTION. Please add one, modifying Authors@R: person(given = "Kartikeya", family = "Bolar", role = c("aut", "cre"), email = "kartikeya.bolar@tapmi.edu.in") as necessary. Flavors: r-devel-linux-x86_64-debian-clang, r-devel-linux-x86_64-debian-gcc

Version: 0.1.0
Check: dependencies in R code
Result: NOTE Namespace in Imports field not imported from: ‘shiny’ All declared Imports should be used. Flavors: r-devel-linux-x86_64-fedora-clang, r-devel-linux-x86_64-fedora-gcc

Version: 0.1.0
Check: LazyData
Result: NOTE 'LazyData' is specified without a 'data' directory Flavors: r-oldrel-macos-arm64, r-oldrel-macos-x86_64, r-oldrel-windows-x86_64