Last updated on 2025-07-04 05:49:27 CEST.
Flavor | Version | Tinstall | Tcheck | Ttotal | Status | Flags |
---|---|---|---|---|---|---|
r-devel-linux-x86_64-debian-clang | 3.5.0 | 5.34 | 52.21 | 57.55 | NOTE | |
r-devel-linux-x86_64-debian-gcc | 3.5.0 | 3.59 | 40.15 | 43.74 | NOTE | |
r-devel-linux-x86_64-fedora-clang | 3.5.0 | 95.17 | OK | |||
r-devel-linux-x86_64-fedora-gcc | 3.5.0 | 103.56 | OK | |||
r-devel-windows-x86_64 | 3.5.0 | 7.00 | 72.00 | 79.00 | OK | |
r-patched-linux-x86_64 | 3.5.0 | 5.25 | 50.50 | 55.75 | OK | |
r-release-linux-x86_64 | 3.5.0 | 5.28 | 49.37 | 54.65 | OK | |
r-release-macos-arm64 | 3.5.0 | 50.00 | OK | |||
r-release-macos-x86_64 | 3.5.0 | 77.00 | OK | |||
r-release-windows-x86_64 | 3.5.0 | 7.00 | 73.00 | 80.00 | OK | |
r-oldrel-macos-arm64 | 3.5.0 | 50.00 | OK | |||
r-oldrel-macos-x86_64 | 3.5.0 | 93.00 | OK | |||
r-oldrel-windows-x86_64 | 3.5.0 | 10.00 | 84.00 | 94.00 | OK |
Version: 3.5.0
Check: DESCRIPTION meta-information
Result: NOTE
Author field differs from that derived from Authors@R
Author: ‘Michael Sovic [aut, ccp, cre] (<https://orcid.org/0000-0002-8556-3704>), Francesca Savona [res], Zuzana Bohrerova [res, fnd], Seth Faith [ccp, ctb] (0000-0002-0441-9859)’
Authors@R: ‘Michael Sovic [aut, ccp, cre] (ORCID: <https://orcid.org/0000-0002-8556-3704>), Francesca Savona [res], Zuzana Bohrerova [res, fnd], Seth Faith [ccp, ctb] (ORDIC: 0000-0002-0441-9859)’
Flavors: r-devel-linux-x86_64-debian-clang, r-devel-linux-x86_64-debian-gcc