Last updated on 2025-02-06 05:49:15 CET.
Flavor | Version | Tinstall | Tcheck | Ttotal | Status | Flags |
---|---|---|---|---|---|---|
r-devel-linux-x86_64-debian-clang | 0.1.3 | 4.84 | 42.55 | 47.39 | OK | |
r-devel-linux-x86_64-debian-gcc | 0.1.3 | 3.43 | 30.53 | 33.96 | OK | |
r-devel-linux-x86_64-fedora-clang | 0.1.3 | 79.10 | OK | |||
r-devel-linux-x86_64-fedora-gcc | 0.1.3 | 69.95 | OK | |||
r-devel-windows-x86_64 | 0.1.3 | 7.00 | 59.00 | 66.00 | OK | |
r-patched-linux-x86_64 | 0.1.3 | 4.39 | 39.52 | 43.91 | NOTE | |
r-release-linux-x86_64 | 0.1.3 | 4.68 | 39.96 | 44.64 | NOTE | |
r-release-macos-arm64 | 0.1.3 | 25.00 | NOTE | |||
r-release-macos-x86_64 | 0.1.3 | 33.00 | NOTE | |||
r-release-windows-x86_64 | 0.1.3 | 6.00 | 58.00 | 64.00 | NOTE | |
r-oldrel-macos-arm64 | 0.1.3 | 26.00 | NOTE | |||
r-oldrel-macos-x86_64 | 0.1.3 | 38.00 | NOTE | |||
r-oldrel-windows-x86_64 | 0.1.3 | 7.00 | 64.00 | 71.00 | NOTE |
Version: 0.1.3
Check: LazyData
Result: NOTE
'LazyData' is specified without a 'data' directory
Flavors: r-patched-linux-x86_64, r-release-linux-x86_64, r-release-macos-arm64, r-release-macos-x86_64, r-release-windows-x86_64, r-oldrel-macos-arm64, r-oldrel-macos-x86_64, r-oldrel-windows-x86_64