CRAN Package Check Results for Package Microsoft365R

Last updated on 2025-02-06 05:49:15 CET.

Flavor Version Tinstall Tcheck Ttotal Status Flags
r-devel-linux-x86_64-debian-clang 2.4.0 18.84 45.17 64.01 NOTE
r-devel-linux-x86_64-debian-gcc 2.4.0 11.49 34.67 46.16 NOTE
r-devel-linux-x86_64-fedora-clang 2.4.0 111.70 NOTE
r-devel-linux-x86_64-fedora-gcc 2.4.0 108.70 NOTE
r-devel-windows-x86_64 2.4.0 18.00 63.00 81.00 NOTE
r-patched-linux-x86_64 2.4.0 19.87 42.81 62.68 OK
r-release-linux-x86_64 2.4.0 14.61 42.74 57.35 OK
r-release-macos-arm64 2.4.0 42.00 OK
r-release-macos-x86_64 2.4.0 60.00 OK
r-release-windows-x86_64 2.4.0 17.00 74.00 91.00 OK
r-oldrel-macos-arm64 2.4.0 42.00 OK
r-oldrel-macos-x86_64 2.4.0 67.00 OK
r-oldrel-windows-x86_64 2.4.0 20.00 81.00 101.00 OK

Check Details

Version: 2.4.0
Check: Rd cross-references
Result: NOTE Found the following Rd file(s) with Rd \link{} targets missing package anchors: add_methods.Rd: az_user, az_group ms_channel.Rd: az_user ms_chat.Rd: az_user ms_chat_message.Rd: az_user ms_drive.Rd: ms_graph, az_user ms_drive_item.Rd: ms_graph ms_list_item.Rd: ms_graph ms_outlook.Rd: az_user ms_plan.Rd: az_group ms_site.Rd: ms_graph, az_group, az_user ms_team.Rd: ms_graph, az_user, az_group Please provide package anchors for all Rd \link{} targets not in the package itself and the base packages. Flavors: r-devel-linux-x86_64-debian-clang, r-devel-linux-x86_64-debian-gcc, r-devel-windows-x86_64

Version: 2.4.0
Check: dependencies in R code
Result: NOTE Namespaces in Imports field not imported from: ‘R6’ ‘curl’ ‘jsonlite’ ‘parallel’ ‘tools’ ‘vctrs’ All declared Imports should be used. Flavors: r-devel-linux-x86_64-fedora-clang, r-devel-linux-x86_64-fedora-gcc