Last updated on 2024-05-02 04:00:25 CEST.
Flavor | Version | Tinstall | Tcheck | Ttotal | Status | Flags |
---|---|---|---|---|---|---|
r-devel-linux-x86_64-debian-clang | 1.1.2 | 7.58 | 70.33 | 77.91 | NOTE | |
r-devel-linux-x86_64-debian-gcc | 1.1.2 | 5.74 | 53.27 | 59.01 | NOTE | |
r-devel-linux-x86_64-fedora-clang | 1.1.2 | 99.12 | NOTE | |||
r-devel-linux-x86_64-fedora-gcc | 1.1.2 | 95.09 | NOTE | |||
r-devel-windows-x86_64 | 1.1.2 | 8.00 | 69.00 | 77.00 | NOTE | |
r-patched-linux-x86_64 | 1.1.2 | 7.58 | 69.44 | 77.02 | NOTE | |
r-release-linux-x86_64 | 1.1.2 | 6.34 | 67.30 | 73.64 | NOTE | |
r-release-macos-arm64 | 1.1.2 | 28.00 | NOTE | |||
r-release-windows-x86_64 | 1.1.2 | 7.00 | 69.00 | 76.00 | NOTE | |
r-oldrel-macos-arm64 | 1.1.2 | 40.00 | NOTE | |||
r-oldrel-macos-x86_64 | 1.1.2 | 45.00 | NOTE | |||
r-oldrel-windows-x86_64 | 1.1.2 | 9.00 | 81.00 | 90.00 | NOTE |
Version: 1.1.2
Check: LazyData
Result: NOTE
'LazyData' is specified without a 'data' directory
Flavors: r-devel-linux-x86_64-debian-clang, r-devel-linux-x86_64-debian-gcc, r-devel-linux-x86_64-fedora-clang, r-devel-linux-x86_64-fedora-gcc, r-devel-windows-x86_64, r-patched-linux-x86_64, r-release-linux-x86_64, r-release-macos-arm64, r-release-windows-x86_64, r-oldrel-macos-arm64, r-oldrel-macos-x86_64, r-oldrel-windows-x86_64