Last updated on 2025-02-06 05:49:13 CET.
Flavor | Version | Tinstall | Tcheck | Ttotal | Status | Flags |
---|---|---|---|---|---|---|
r-devel-linux-x86_64-debian-clang | 2.1.5 | 6.16 | 87.93 | 94.09 | NOTE | |
r-devel-linux-x86_64-debian-gcc | 2.1.5 | 4.50 | 61.35 | 65.85 | NOTE | |
r-devel-linux-x86_64-fedora-clang | 2.1.5 | 149.30 | NOTE | |||
r-devel-linux-x86_64-fedora-gcc | 2.1.5 | 156.06 | NOTE | |||
r-devel-windows-x86_64 | 2.1.5 | 9.00 | 339.00 | 348.00 | NOTE | |
r-patched-linux-x86_64 | 2.1.5 | 6.57 | 81.13 | 87.70 | NOTE | |
r-release-linux-x86_64 | 2.1.5 | 6.61 | 80.59 | 87.20 | NOTE | |
r-release-macos-arm64 | 2.1.5 | 163.00 | NOTE | |||
r-release-macos-x86_64 | 2.1.5 | 258.00 | NOTE | |||
r-release-windows-x86_64 | 2.1.5 | 9.00 | 333.00 | 342.00 | NOTE | |
r-oldrel-macos-arm64 | 2.1.5 | 173.00 | OK | |||
r-oldrel-macos-x86_64 | 2.1.5 | 291.00 | OK | |||
r-oldrel-windows-x86_64 | 2.1.5 | 12.00 | 408.00 | 420.00 | OK |
Version: 2.1.5
Check: Rd files
Result: NOTE
checkRd: (-1) Markovchart.Rd:154: Lost braces
154 | If either \code{h} or \code{k} have length greater than 1, then the \code{G-value} (weighted average of average cost and cost standard deviation) is calculated for all given values without optimisation. The value of the function in this case is a data frame of class code{Markov_grid} with \code{length(h)*length(k)} number of rows and three columns for \code{h}, \code{k} and the \code{G-value}.
| ^
Flavors: r-devel-linux-x86_64-debian-clang, r-devel-linux-x86_64-debian-gcc, r-devel-linux-x86_64-fedora-clang, r-devel-linux-x86_64-fedora-gcc, r-devel-windows-x86_64, r-patched-linux-x86_64, r-release-linux-x86_64, r-release-macos-arm64, r-release-macos-x86_64, r-release-windows-x86_64