Last updated on 2025-07-04 05:49:26 CEST.
Flavor | Version | Tinstall | Tcheck | Ttotal | Status | Flags |
---|---|---|---|---|---|---|
r-devel-linux-x86_64-debian-clang | 0.6.2 | 10.32 | 76.03 | 86.35 | NOTE | |
r-devel-linux-x86_64-debian-gcc | 0.6.2 | 7.34 | 54.90 | 62.24 | NOTE | |
r-devel-linux-x86_64-fedora-clang | 0.6.2 | 131.19 | OK | |||
r-devel-linux-x86_64-fedora-gcc | 0.6.2 | 125.08 | OK | |||
r-devel-windows-x86_64 | 0.6.2 | 11.00 | 95.00 | 106.00 | OK | |
r-patched-linux-x86_64 | 0.6.2 | 10.27 | 70.96 | 81.23 | OK | |
r-release-linux-x86_64 | 0.6.2 | 10.24 | 69.74 | 79.98 | OK | |
r-release-macos-arm64 | 0.6.2 | 43.00 | OK | |||
r-release-macos-x86_64 | 0.6.2 | 75.00 | OK | |||
r-release-windows-x86_64 | 0.6.2 | 11.00 | 90.00 | 101.00 | OK | |
r-oldrel-macos-arm64 | 0.6.2 | 38.00 | NOTE | |||
r-oldrel-macos-x86_64 | 0.6.2 | 61.00 | NOTE | |||
r-oldrel-windows-x86_64 | 0.6.2 | 14.00 | 109.00 | 123.00 | NOTE |
Version: 0.6.2
Check: CRAN incoming feasibility
Result: NOTE
Maintainer: ‘Dani Irawan <irawan_dani@yahoo.com>’
Package CITATION file contains call(s) to old-style personList() or
as.personList(). Please use c() on person objects instead.
Package CITATION file contains call(s) to old-style citEntry(). Please
use bibentry() instead.
Flavors: r-devel-linux-x86_64-debian-clang, r-devel-linux-x86_64-debian-gcc
Version: 0.6.2
Check: LazyData
Result: NOTE
'LazyData' is specified without a 'data' directory
Flavors: r-oldrel-macos-arm64, r-oldrel-macos-x86_64, r-oldrel-windows-x86_64