Last updated on 2024-08-31 03:48:31 CEST.
Flavor | Version | Tinstall | Tcheck | Ttotal | Status | Flags |
---|---|---|---|---|---|---|
r-devel-linux-x86_64-debian-clang | 1.0.0 | 1.52 | 21.39 | 22.91 | NOTE | |
r-devel-linux-x86_64-debian-gcc | 1.0.0 | 1.38 | 17.75 | 19.13 | NOTE | |
r-devel-linux-x86_64-fedora-clang | 1.0.0 | 38.35 | OK | |||
r-devel-linux-x86_64-fedora-gcc | 1.0.0 | 50.34 | OK | |||
r-devel-windows-x86_64 | 1.0.0 | 3.00 | 51.00 | 54.00 | NOTE | |
r-patched-linux-x86_64 | 1.0.0 | 3.21 | 20.74 | 23.95 | OK | |
r-release-linux-x86_64 | 1.0.0 | 1.69 | 20.81 | 22.50 | OK | |
r-release-macos-arm64 | 1.0.0 | 21.00 | OK | |||
r-release-macos-x86_64 | 1.0.0 | 38.00 | OK | |||
r-release-windows-x86_64 | 1.0.0 | 4.00 | 51.00 | 55.00 | OK | |
r-oldrel-macos-arm64 | 1.0.0 | 22.00 | OK | |||
r-oldrel-macos-x86_64 | 1.0.0 | 32.00 | OK | |||
r-oldrel-windows-x86_64 | 1.0.0 | 3.00 | 52.00 | 55.00 | OK |
Version: 1.0.0
Check: Rd cross-references
Result: NOTE
Found the following Rd file(s) with Rd \link{} targets missing package
anchors:
MSSQL-package.Rd: sqlTables, sqlColumns
dbOverview.Rd: sqlTables, sqlColumns
dbStorage.Rd: sqlQuery
dbTime.Rd: sqlQuery
tableHead.Rd: sqlQuery
tableNcol.Rd: sqlColumns
tableNrow.Rd: sqlQuery
tableOverview.Rd: sqlColumns, sqlQuery
tableQuote.Rd: sqlQuery
Please provide package anchors for all Rd \link{} targets not in the
package itself and the base packages.
Flavors: r-devel-linux-x86_64-debian-clang, r-devel-linux-x86_64-debian-gcc, r-devel-windows-x86_64