Last updated on 2025-05-09 04:52:02 CEST.
Flavor | Version | Tinstall | Tcheck | Ttotal | Status | Flags |
---|---|---|---|---|---|---|
r-devel-linux-x86_64-debian-clang | 1.0.3 | 2.63 | 28.01 | 30.64 | NOTE | |
r-devel-linux-x86_64-debian-gcc | 1.0.3 | 1.85 | 22.27 | 24.12 | NOTE | |
r-devel-linux-x86_64-fedora-clang | 1.0.3 | 52.47 | OK | |||
r-devel-linux-x86_64-fedora-gcc | 1.0.3 | 63.91 | OK | |||
r-devel-windows-x86_64 | 1.0.3 | 4.00 | 65.00 | 69.00 | OK | |
r-patched-linux-x86_64 | 1.0.3 | 2.28 | 26.85 | 29.13 | OK | |
r-release-linux-x86_64 | 1.0.3 | 2.41 | 26.84 | 29.25 | OK | |
r-release-macos-arm64 | 1.0.3 | 28.00 | OK | |||
r-release-macos-x86_64 | 1.0.3 | 53.00 | OK | |||
r-release-windows-x86_64 | 1.0.3 | 4.00 | 73.00 | 77.00 | OK | |
r-oldrel-macos-arm64 | 1.0.3 | 25.00 | OK | |||
r-oldrel-macos-x86_64 | 1.0.3 | 65.00 | OK | |||
r-oldrel-windows-x86_64 | 1.0.3 | 3.00 | 66.00 | 69.00 | OK |
Version: 1.0.3
Check: CRAN incoming feasibility
Result: NOTE
Maintainer: ‘Benjamin Haibe-Kains <benjamin.haibe.kains@utoronto.ca>’
No Authors@R field in DESCRIPTION.
Please add one, modifying
Authors@R: c(person(given = c("Deena", "M.A."),
family = "Gendoo",
role = "aut",
email = "deena.gendoo@utoronto.ca"),
person(given = "Benjamin",
family = "Haibe-Kains",
role = c("aut", "cre"),
email = "benjamin.haibe.kains@utoronto.ca"))
as necessary.
Package CITATION file contains call(s) to old-style citEntry(). Please
use bibentry() instead.
Flavors: r-devel-linux-x86_64-debian-clang, r-devel-linux-x86_64-debian-gcc