CRAN Package Check Results for Package MHQoL

Last updated on 2025-07-16 06:51:44 CEST.

Flavor Version Tinstall Tcheck Ttotal Status Flags
r-devel-linux-x86_64-debian-clang 0.14.0 2.37 26.98 29.35 OK
r-devel-linux-x86_64-debian-gcc 0.14.0 1.88 20.88 22.76 OK
r-devel-linux-x86_64-fedora-clang 0.14.0 47.53 NOTE
r-devel-linux-x86_64-fedora-gcc 0.14.0 44.27 NOTE
r-devel-windows-x86_64 0.14.0 5.00 48.00 53.00 OK
r-patched-linux-x86_64 0.14.0 2.93 25.88 28.81 OK
r-release-linux-x86_64 0.14.0 2.65 25.52 28.17 OK
r-release-macos-arm64 0.14.0 20.00 OK
r-release-macos-x86_64 0.14.0 27.00 OK
r-release-windows-x86_64 0.14.0 4.00 47.00 51.00 OK
r-oldrel-macos-arm64 0.14.0 25.00 OK
r-oldrel-macos-x86_64 0.14.0 32.00 OK
r-oldrel-windows-x86_64 0.14.0 5.00 55.00 60.00 OK

Check Details

Version: 0.14.0
Check: dependencies in R code
Result: NOTE Namespaces in Imports field not imported from: ‘DT’ ‘assertthat’ ‘fmsb’ ‘shinyalert’ ‘tidyr’ ‘writexl’ All declared Imports should be used. Flavors: r-devel-linux-x86_64-fedora-clang, r-devel-linux-x86_64-fedora-gcc