Last updated on 2024-05-02 04:00:24 CEST.
Flavor | Version | Tinstall | Tcheck | Ttotal | Status | Flags |
---|---|---|---|---|---|---|
r-devel-linux-x86_64-debian-clang | 1.1.2 | 43.61 | 48.40 | 92.01 | NOTE | |
r-devel-linux-x86_64-debian-gcc | 1.1.2 | 31.80 | 42.26 | 74.06 | NOTE | |
r-devel-linux-x86_64-fedora-clang | 1.1.2 | 123.73 | NOTE | |||
r-devel-linux-x86_64-fedora-gcc | 1.1.2 | 144.71 | NOTE | |||
r-devel-windows-x86_64 | 1.1.2 | 33.00 | 87.00 | 120.00 | NOTE | |
r-patched-linux-x86_64 | 1.1.2 | 49.73 | 54.26 | 103.99 | NOTE | |
r-release-linux-x86_64 | 1.1.2 | 38.79 | 53.38 | 92.17 | NOTE | |
r-release-macos-arm64 | 1.1.2 | 46.00 | NOTE | |||
r-release-windows-x86_64 | 1.1.2 | 34.00 | 84.00 | 118.00 | NOTE | |
r-oldrel-macos-arm64 | 1.1.2 | 50.00 | NOTE | |||
r-oldrel-macos-x86_64 | 1.1.2 | 76.00 | NOTE | |||
r-oldrel-windows-x86_64 | 1.1.2 | 42.00 | 92.00 | 134.00 | NOTE |
Version: 1.1.2
Check: C++ specification
Result: NOTE
Specified C++11: please drop specification unless essential
Flavors: r-devel-linux-x86_64-debian-clang, r-devel-linux-x86_64-debian-gcc, r-devel-linux-x86_64-fedora-clang, r-devel-linux-x86_64-fedora-gcc, r-devel-windows-x86_64, r-patched-linux-x86_64, r-release-linux-x86_64, r-release-macos-arm64, r-release-windows-x86_64, r-oldrel-macos-arm64, r-oldrel-macos-x86_64, r-oldrel-windows-x86_64