Last updated on 2024-05-02 04:00:23 CEST.
Flavor | Version | Tinstall | Tcheck | Ttotal | Status | Flags |
---|---|---|---|---|---|---|
r-devel-linux-x86_64-debian-clang | 1.0 | 3.82 | 72.02 | 75.84 | OK | |
r-devel-linux-x86_64-debian-gcc | 1.0 | 2.65 | 54.86 | 57.51 | OK | |
r-devel-linux-x86_64-fedora-clang | 1.0 | 94.91 | NOTE | |||
r-devel-linux-x86_64-fedora-gcc | 1.0 | 103.07 | NOTE | |||
r-devel-windows-x86_64 | 1.0 | 4.00 | 78.00 | 82.00 | OK | |
r-patched-linux-x86_64 | 1.0 | 3.61 | 68.48 | 72.09 | OK | |
r-release-linux-x86_64 | 1.0 | 3.80 | 69.82 | 73.62 | OK | |
r-release-macos-arm64 | 1.0 | 35.00 | OK | |||
r-release-windows-x86_64 | 1.0 | 4.00 | 76.00 | 80.00 | OK | |
r-oldrel-macos-arm64 | 1.0 | 38.00 | OK | |||
r-oldrel-macos-x86_64 | 1.0 | 57.00 | OK | |||
r-oldrel-windows-x86_64 | 1.0 | 5.00 | 84.00 | 89.00 | OK |
Version: 1.0
Check: dependencies in R code
Result: NOTE
Namespaces in Imports field not imported from:
‘RColorBrewer’ ‘base’ ‘qpdf’
All declared Imports should be used.
Flavors: r-devel-linux-x86_64-fedora-clang, r-devel-linux-x86_64-fedora-gcc