Last updated on 2025-02-06 05:49:13 CET.
Flavor | Version | Tinstall | Tcheck | Ttotal | Status | Flags |
---|---|---|---|---|---|---|
r-devel-linux-x86_64-debian-clang | 0.3.8 | 8.62 | 127.88 | 136.50 | NOTE | |
r-devel-linux-x86_64-debian-gcc | 0.3.8 | 5.39 | 89.48 | 94.87 | NOTE | |
r-devel-linux-x86_64-fedora-clang | 0.3.8 | 233.66 | NOTE | |||
r-devel-linux-x86_64-fedora-gcc | 0.3.8 | 208.22 | NOTE | |||
r-devel-windows-x86_64 | 0.3.8 | 10.00 | 155.00 | 165.00 | NOTE | |
r-patched-linux-x86_64 | 0.3.8 | 10.32 | 120.86 | 131.18 | OK | |
r-release-linux-x86_64 | 0.3.8 | 8.39 | 122.75 | 131.14 | OK | |
r-release-macos-arm64 | 0.3.8 | 66.00 | OK | |||
r-release-macos-x86_64 | 0.3.8 | 164.00 | OK | |||
r-release-windows-x86_64 | 0.3.8 | 10.00 | 151.00 | 161.00 | OK | |
r-oldrel-macos-arm64 | 0.3.8 | 71.00 | OK | |||
r-oldrel-macos-x86_64 | 0.3.8 | 126.00 | OK | |||
r-oldrel-windows-x86_64 | 0.3.8 | 12.00 | 194.00 | 206.00 | OK |
Version: 0.3.8
Check: DESCRIPTION meta-information
Result: NOTE
Missing dependency on R >= 4.1.0 because package code uses the pipe
|> or function shorthand \(...) syntax added in R 4.1.0.
File(s) using such syntax:
‘aggregate_Date.R’ ‘aggregate_Datetime.R’ ‘gg_doubleplot.R’
‘helper.R’ ‘import_LL.R’ ‘import_expressions.R’ ‘import_helper.r’
‘join_datasets.R’ ‘metric_nvR.R’
Flavors: r-devel-linux-x86_64-debian-clang, r-devel-linux-x86_64-debian-gcc, r-devel-linux-x86_64-fedora-clang, r-devel-linux-x86_64-fedora-gcc, r-devel-windows-x86_64