CRAN Package Check Results for Package LS2W

Last updated on 2025-07-04 05:49:26 CEST.

Flavor Version Tinstall Tcheck Ttotal Status Flags
r-devel-linux-x86_64-debian-clang 1.3.6 10.89 41.63 52.52 NOTE
r-devel-linux-x86_64-debian-gcc 1.3.6 7.96 31.39 39.35 NOTE
r-devel-linux-x86_64-fedora-clang 1.3.6 77.35 OK
r-devel-linux-x86_64-fedora-gcc 1.3.6 78.00 OK
r-devel-windows-x86_64 1.3.6 18.00 65.00 83.00 NOTE
r-patched-linux-x86_64 1.3.6 12.44 40.44 52.88 NOTE
r-release-linux-x86_64 1.3.6 9.82 40.45 50.27 NOTE
r-release-macos-arm64 1.3.6 35.00 OK
r-release-macos-x86_64 1.3.6 51.00 OK
r-release-windows-x86_64 1.3.6 17.00 67.00 84.00 NOTE
r-oldrel-macos-arm64 1.3.6 26.00 OK
r-oldrel-macos-x86_64 1.3.6 42.00 OK
r-oldrel-windows-x86_64 1.3.6 20.00 72.00 92.00 OK

Check Details

Version: 1.3.6
Check: CRAN incoming feasibility
Result: NOTE Maintainer: ‘Idris Eckley <i.eckley@lancaster.ac.uk>’ Package CITATION file contains call(s) to old-style personList() or as.personList(). Please use c() on person objects instead. Package CITATION file contains call(s) to old-style citEntry(). Please use bibentry() instead. Flavors: r-devel-linux-x86_64-debian-clang, r-devel-linux-x86_64-debian-gcc

Version: 1.3.6
Check: Rd cross-references
Result: NOTE Found the following Rd file(s) with Rd \link{} targets missing package anchors: AvBasis.wst2D.Rd: wst2D, wst2D.object imwr.imwd.rd: imwd.object, filter.select, imwr Please provide package anchors for all Rd \link{} targets not in the package itself and the base packages. Flavors: r-devel-linux-x86_64-debian-clang, r-devel-linux-x86_64-debian-gcc, r-devel-windows-x86_64, r-patched-linux-x86_64, r-release-linux-x86_64, r-release-windows-x86_64