Last updated on 2025-05-09 04:52:00 CEST.
Flavor | Version | Tinstall | Tcheck | Ttotal | Status | Flags |
---|---|---|---|---|---|---|
r-devel-linux-x86_64-debian-clang | 0.1.1 | 2.35 | 115.07 | 117.42 | NOTE | |
r-devel-linux-x86_64-debian-gcc | 0.1.1 | 1.99 | 72.76 | 74.75 | NOTE | |
r-devel-linux-x86_64-fedora-clang | 0.1.1 | 201.08 | NOTE | |||
r-devel-linux-x86_64-fedora-gcc | 0.1.1 | 216.69 | NOTE | |||
r-devel-windows-x86_64 | 0.1.1 | 5.00 | 135.00 | 140.00 | OK | |
r-patched-linux-x86_64 | 0.1.1 | 2.76 | 109.52 | 112.28 | OK | |
r-release-linux-x86_64 | 0.1.1 | 2.63 | 109.17 | 111.80 | OK | |
r-release-macos-arm64 | 0.1.1 | 103.00 | OK | |||
r-release-macos-x86_64 | 0.1.1 | 107.00 | OK | |||
r-release-windows-x86_64 | 0.1.1 | 5.00 | 136.00 | 141.00 | OK | |
r-oldrel-macos-arm64 | 0.1.1 | 53.00 | OK | |||
r-oldrel-macos-x86_64 | 0.1.1 | 81.00 | OK | |||
r-oldrel-windows-x86_64 | 0.1.1 | 6.00 | 173.00 | 179.00 | OK |
Version: 0.1.1
Check: CRAN incoming feasibility
Result: NOTE
Maintainer: ‘Maximilian Maier <maximilianmaier0401@gmail.com>’
Package CITATION file contains call(s) to old-style citEntry(). Please
use bibentry() instead.
Flavors: r-devel-linux-x86_64-debian-clang, r-devel-linux-x86_64-debian-gcc
Version: 0.1.1
Check: dependencies in R code
Result: NOTE
Namespaces in Imports field not imported from:
‘Superpower’ ‘pwr’ ‘shinydashboard’
All declared Imports should be used.
Flavors: r-devel-linux-x86_64-fedora-clang, r-devel-linux-x86_64-fedora-gcc