Last updated on 2025-05-09 04:52:00 CEST.
Flavor | Version | Tinstall | Tcheck | Ttotal | Status | Flags |
---|---|---|---|---|---|---|
r-devel-linux-x86_64-debian-clang | 0.3.1.1 | 1.93 | 18.57 | 20.50 | NOTE | |
r-devel-linux-x86_64-debian-gcc | 0.3.1.1 | 1.47 | 15.34 | 16.81 | NOTE | |
r-devel-linux-x86_64-fedora-clang | 0.3.1.1 | 33.08 | OK | |||
r-devel-linux-x86_64-fedora-gcc | 0.3.1.1 | 31.58 | OK | |||
r-devel-windows-x86_64 | 0.3.1.1 | 3.00 | 43.00 | 46.00 | OK | |
r-patched-linux-x86_64 | 0.3.1.1 | 2.13 | 18.07 | 20.20 | OK | |
r-release-linux-x86_64 | 0.3.1.1 | 1.82 | 17.62 | 19.44 | OK | |
r-release-macos-arm64 | 0.3.1.1 | 16.00 | OK | |||
r-release-macos-x86_64 | 0.3.1.1 | 25.00 | OK | |||
r-release-windows-x86_64 | 0.3.1.1 | 2.00 | 44.00 | 46.00 | OK | |
r-oldrel-macos-arm64 | 0.3.1.1 | 15.00 | OK | |||
r-oldrel-macos-x86_64 | 0.3.1.1 | 28.00 | OK | |||
r-oldrel-windows-x86_64 | 0.3.1.1 | 2.00 | 44.00 | 46.00 | OK |
Version: 0.3.1.1
Check: CRAN incoming feasibility
Result: NOTE
Maintainer: ‘TszKin Julian Chan <ctszkin@gmail.com>’
No Authors@R field in DESCRIPTION.
Please add one, modifying
Authors@R: person(given = c("TszKin", "Julian"),
family = "Chan",
role = c("aut", "cre"),
email = "ctszkin@gmail.com")
as necessary.
Flavors: r-devel-linux-x86_64-debian-clang, r-devel-linux-x86_64-debian-gcc