Last updated on 2025-01-26 03:49:50 CET.
Flavor | Version | Tinstall | Tcheck | Ttotal | Status | Flags |
---|---|---|---|---|---|---|
r-devel-linux-x86_64-debian-clang | 0.3.1 | 5.29 | 50.02 | 55.31 | OK | |
r-devel-linux-x86_64-debian-gcc | 0.3.1 | 2.93 | 39.61 | 42.54 | OK | |
r-devel-linux-x86_64-fedora-clang | 0.3.1 | 89.65 | OK | |||
r-devel-linux-x86_64-fedora-gcc | 0.3.1 | 101.49 | OK | |||
r-devel-windows-x86_64 | 0.3.1 | 7.00 | 95.00 | 102.00 | OK | |
r-patched-linux-x86_64 | 0.3.1 | 5.44 | 48.17 | 53.61 | OK | |
r-release-linux-x86_64 | 0.3.1 | 3.78 | 48.39 | 52.17 | OK | |
r-release-macos-arm64 | 0.3.1 | 63.00 | NOTE | |||
r-release-macos-x86_64 | 0.3.1 | 87.00 | NOTE | |||
r-release-windows-x86_64 | 0.3.1 | 8.00 | 94.00 | 102.00 | NOTE | |
r-oldrel-macos-arm64 | 0.3.1 | 54.00 | NOTE | |||
r-oldrel-macos-x86_64 | 0.3.1 | 91.00 | NOTE | |||
r-oldrel-windows-x86_64 | 0.3.1 | 7.00 | 100.00 | 107.00 | NOTE |
Version: 0.3.1
Check: installed package size
Result: NOTE
installed size is 8.5Mb
sub-directories of 1Mb or more:
doc 2.3Mb
extdata 4.0Mb
help 2.0Mb
Flavors: r-release-macos-arm64, r-release-macos-x86_64, r-release-windows-x86_64, r-oldrel-macos-arm64, r-oldrel-macos-x86_64, r-oldrel-windows-x86_64