Last updated on 2025-05-09 04:52:00 CEST.
Flavor | Version | Tinstall | Tcheck | Ttotal | Status | Flags |
---|---|---|---|---|---|---|
r-devel-linux-x86_64-debian-clang | 1.0.0 | 2.45 | 22.51 | 24.96 | NOTE | |
r-devel-linux-x86_64-debian-gcc | 1.0.0 | 1.63 | 18.37 | 20.00 | NOTE | |
r-devel-linux-x86_64-fedora-clang | 1.0.0 | 39.18 | OK | |||
r-devel-linux-x86_64-fedora-gcc | 1.0.0 | 39.10 | OK | |||
r-devel-windows-x86_64 | 1.0.0 | 4.00 | 44.00 | 48.00 | OK | |
r-patched-linux-x86_64 | 1.0.0 | 2.32 | 21.95 | 24.27 | OK | |
r-release-linux-x86_64 | 1.0.0 | 2.36 | 21.63 | 23.99 | OK | |
r-release-macos-arm64 | 1.0.0 | 19.00 | OK | |||
r-release-macos-x86_64 | 1.0.0 | 26.00 | OK | |||
r-release-windows-x86_64 | 1.0.0 | 3.00 | 47.00 | 50.00 | OK | |
r-oldrel-macos-arm64 | 1.0.0 | 18.00 | OK | |||
r-oldrel-macos-x86_64 | 1.0.0 | 24.00 | OK | |||
r-oldrel-windows-x86_64 | 1.0.0 | 4.00 | 49.00 | 53.00 | OK |
Version: 1.0.0
Check: CRAN incoming feasibility
Result: NOTE
Maintainer: ‘Manuel M. Müller <mm2559@cam.ac.uk>’
The Description field contains
Reeve, Cannings and Samworth (2023) <arXiv:2305.04852v2>.
Please refer to arXiv e-prints via their arXiv DOI <doi:10.48550/arXiv.YYMM.NNNNN>.
Flavors: r-devel-linux-x86_64-debian-clang, r-devel-linux-x86_64-debian-gcc