Last updated on 2025-07-04 05:49:25 CEST.
Flavor | Version | Tinstall | Tcheck | Ttotal | Status | Flags |
---|---|---|---|---|---|---|
r-devel-linux-x86_64-debian-clang | 1.1.8 | 13.88 | 151.52 | 165.40 | NOTE | |
r-devel-linux-x86_64-debian-gcc | 1.1.8 | 9.95 | 102.84 | 112.79 | NOTE | |
r-devel-linux-x86_64-fedora-clang | 1.1.8 | 251.68 | NOTE | |||
r-devel-linux-x86_64-fedora-gcc | 1.1.8 | 240.53 | NOTE | |||
r-devel-windows-x86_64 | 1.1.8 | 13.00 | 141.00 | 154.00 | OK | |
r-patched-linux-x86_64 | 1.1.8 | 13.81 | 144.01 | 157.82 | OK | |
r-release-linux-x86_64 | 1.1.8 | 11.35 | 143.35 | 154.70 | OK | |
r-release-macos-arm64 | 1.1.8 | 70.00 | OK | |||
r-release-macos-x86_64 | 1.1.8 | 131.00 | OK | |||
r-release-windows-x86_64 | 1.1.8 | 13.00 | 147.00 | 160.00 | OK | |
r-oldrel-macos-arm64 | 1.1.8 | 65.00 | OK | |||
r-oldrel-macos-x86_64 | 1.1.8 | 107.00 | OK | |||
r-oldrel-windows-x86_64 | 1.1.8 | 18.00 | 189.00 | 207.00 | OK |
Version: 1.1.8
Check: CRAN incoming feasibility
Result: NOTE
Maintainer: ‘Kridsadakorn Chaichoompu <kridsadakorn@biostatgen.org>’
Problems when reading CITATION file:
It is recommended to use ‘given’ instead of ‘middle’.
Package CITATION file contains call(s) to old-style personList() or
as.personList(). Please use c() on person objects instead.
Package CITATION file contains call(s) to old-style citEntry(). Please
use bibentry() instead.
Flavors: r-devel-linux-x86_64-debian-clang, r-devel-linux-x86_64-debian-gcc
Version: 1.1.8
Check: dependencies in R code
Result: NOTE
Namespaces in Imports field not imported from:
‘Matrix’ ‘expm’
All declared Imports should be used.
Flavors: r-devel-linux-x86_64-fedora-clang, r-devel-linux-x86_64-fedora-gcc