Last updated on 2024-05-02 04:00:21 CEST.
Flavor | Version | Tinstall | Tcheck | Ttotal | Status | Flags |
---|---|---|---|---|---|---|
r-devel-linux-x86_64-debian-clang | 1.1 | 8.73 | 63.84 | 72.57 | NOTE | |
r-devel-linux-x86_64-debian-gcc | 1.1 | 5.17 | 46.16 | 51.33 | NOTE | |
r-devel-linux-x86_64-fedora-clang | 1.1 | 87.63 | NOTE | |||
r-devel-linux-x86_64-fedora-gcc | 1.1 | 81.67 | NOTE | |||
r-devel-windows-x86_64 | 1.1 | 7.00 | 69.00 | 76.00 | NOTE | |
r-patched-linux-x86_64 | 1.1 | 4.57 | 59.61 | 64.18 | NOTE | |
r-release-linux-x86_64 | 1.1 | 4.63 | 57.33 | 61.96 | NOTE | |
r-release-macos-arm64 | 1.1 | 28.00 | NOTE | |||
r-release-windows-x86_64 | 1.1 | 8.00 | 68.00 | 76.00 | NOTE | |
r-oldrel-macos-arm64 | 1.1 | 29.00 | NOTE | |||
r-oldrel-macos-x86_64 | 1.1 | 40.00 | NOTE | |||
r-oldrel-windows-x86_64 | 1.1 | 9.00 | 75.00 | 84.00 | NOTE |
Version: 1.1
Check: LazyData
Result: NOTE
'LazyData' is specified without a 'data' directory
Flavors: r-devel-linux-x86_64-debian-clang, r-devel-linux-x86_64-debian-gcc, r-devel-linux-x86_64-fedora-clang, r-devel-linux-x86_64-fedora-gcc, r-devel-windows-x86_64, r-patched-linux-x86_64, r-release-linux-x86_64, r-release-macos-arm64, r-release-windows-x86_64, r-oldrel-macos-arm64, r-oldrel-macos-x86_64, r-oldrel-windows-x86_64